72.14.199.154 - - [30/Jul/2010:06:00:29 -0700] "GET /blog/?feed=rss2 HTTP/1.1" 304 0 "-" "Feedfetcher-Google; (+http://www.google.com/feedfetcher.html; 10 subscribers; feed-id=18296241740392809178)" "www.transmyth.com"
72.14.199.200 - - [30/Jul/2010:06:01:40 -0700] "GET /blog/feed/atom/ HTTP/1.1" 404 - "-" "Feedfetcher-Google; (+http://www.google.com/feedfetcher.html; 4 subscribers; feed-id=13423008202216737158)" "transmyth.com"
64.94.66.97 - - [30/Jul/2010:06:03:37 -0700] "GET /blog/?feed=rss2 HTTP/1.0" 200 79464 "-" "Moreoverbot/5.1 (+http://w.moreover.com; webmaster@moreover.com) Mozilla/5.0" "www.transmyth.com"
64.4.12.200 - - [30/Jul/2010:06:05:07 -0700] "GET /blog/?feed=rss2 HTTP/1.1" 304 0 "-" "WLA Syndication Platform (Feed Crawler/1.0)" "www.transmyth.com"
207.46.195.228 - - [30/Jul/2010:06:06:08 -0700] "GET /blog/ HTTP/1.1" 200 103842 "-" "msnbot/2.0b (+http://search.msn.com/msnbot.htm)" "www.transmyth.com"
72.14.199.154 - - [30/Jul/2010:06:15:10 -0700] "GET /howdymba/?feed=rss2 HTTP/1.1" 304 0 "-" "Feedfetcher-Google; (+http://www.google.com/feedfetcher.html; 1 subscribers; feed-id=3368068058942412082)" "www.transmyth.com"
77.88.25.27 - - [30/Jul/2010:06:16:47 -0700] "GET /howdymba/?cat=11 HTTP/1.1" 200 11306 "-" "Mozilla/5.0 (compatible; YandexBot/3.0; +http://yandex.com/bots)" "www.transmyth.com"
72.14.199.200 - - [30/Jul/2010:06:17:11 -0700] "GET /howdymba/?feed=rss2 HTTP/1.1" 302 5 "-" "Feedfetcher-Google; (+http://www.google.com/feedfetcher.html; 4 subscribers; feed-id=17591258290571388912)" "transmyth.com"
72.14.199.154 - - [30/Jul/2010:06:17:17 -0700] "GET /howdymba/?feed=rss2 HTTP/1.1" 304 0 "-" "Feedfetcher-Google; (+http://www.google.com/feedfetcher.html; 4 subscribers; feed-id=17591258290571388912)" "www.transmyth.com"
64.4.12.200 - - [30/Jul/2010:06:20:12 -0700] "GET /blog/?feed=rss2 HTTP/1.1" 304 0 "-" "WLA Syndication Platform (Feed Crawler/1.0)" "www.transmyth.com"
66.249.65.220 - - [30/Jul/2010:06:20:24 -0700] "GET /afritechnology/viewtopic.php?f=4&t=11305 HTTP/1.1" 404 - "-" "Mozilla/5.0 (compatible; Googlebot/2.1; +http://www.google.com/bot.html)" "www.transmyth.com"
94.251.71.16 - - [30/Jul/2010:06:21:40 -0700] "GET /afritechnology/index.php HTTP/1.0" 404 - "http://transmyth.com/afritechnology/index.php" "Mozilla/6.0 (compatible; MSIE 7.0a1; Windows NT 5.2; SV1)" "transmyth.com"
94.251.71.16 - - [30/Jul/2010:06:21:41 -0700] "GET / HTTP/1.0" 200 674 "http://transmyth.com/" "Mozilla/6.0 (compatible; MSIE 7.0a1; Windows NT 5.2; SV1)" "transmyth.com"
119.63.198.94 - - [30/Jul/2010:06:23:28 -0700] "GET /afritechnology/viewtopic.php?f HTTP/1.1" 404 - "-" "Baiduspider+(+http://www.baidu.jp/spider/)" "transmyth.com"
72.14.199.200 - - [30/Jul/2010:06:23:57 -0700] "GET /blog/feed/ HTTP/1.1" 404 - "-" "Feedfetcher-Google; (+http://www.google.com/feedfetcher.html; 4 subscribers; feed-id=4947928636039393859)" "transmyth.com"
64.13.232.32 - - [30/Jul/2010:06:27:55 -0700] "GET /howdymba/?feed=rss2 HTTP/1.0" 302 0 "-" "-" "transmyth.com"
64.13.232.32 - - [30/Jul/2010:06:27:56 -0700] "GET /howdymba/?feed=rss2 HTTP/1.0" 200 40470 "-" "-" "www.transmyth.com"
72.14.199.200 - - [30/Jul/2010:06:32:25 -0700] "GET /howdymba/?feed=rss2 HTTP/1.1" 302 5 "-" "Feedfetcher-Google; (+http://www.google.com/feedfetcher.html; 4 subscribers; feed-id=17591258290571388912)" "transmyth.com"
72.14.199.154 - - [30/Jul/2010:06:32:33 -0700] "GET /howdymba/?feed=rss2 HTTP/1.1" 304 0 "-" "Feedfetcher-Google; (+http://www.google.com/feedfetcher.html; 4 subscribers; feed-id=17591258290571388912)" "www.transmyth.com"
67.195.112.151 - - [30/Jul/2010:06:34:40 -0700] "GET /nunoire/?p=28 HTTP/1.0" 200 16276 "-" "Mozilla/5.0 (compatible; Yahoo! Slurp/3.0; http://help.yahoo.com/help/us/ysearch/slurp)" "www.transmyth.com"
67.195.112.151 - - [30/Jul/2010:06:34:41 -0700] "GET /nunoire/wp-content/themes/mistylook/style.css HTTP/1.0" 200 8098 "http://www.transmyth.com/nunoire/?p=28" "Mozilla/5.0 (compatible; Yahoo! Slurp/3.0; http://help.yahoo.com/help/us/ysearch/slurp)" "www.transmyth.com"
64.4.12.200 - - [30/Jul/2010:06:35:20 -0700] "GET /blog/?feed=rss2 HTTP/1.1" 304 0 "-" "WLA Syndication Platform (Feed Crawler/1.0)" "www.transmyth.com"
72.14.199.154 - - [30/Jul/2010:06:36:26 -0700] "GET /anjuansimmons/?feed=rss2 HTTP/1.1" 200 540 "-" "Feedfetcher-Google; (+http://www.google.com/feedfetcher.html; 1 subscribers; feed-id=8396240300999655827)" "www.transmyth.com"
95.134.91.177 - - [30/Jul/2010:06:44:18 -0700] "GET /blog/?p=366 HTTP/1.0" 200 29320 "http://www.transmyth.com/blog/?p=366" "Mozilla/4.0 (compatible; MSIE 6.0; Windows 98; Win 9x 4.90)" "www.transmyth.com"
97.106.177.86 - - [30/Jul/2010:06:44:46 -0700] "GET /blog/?p=78 HTTP/1.1" 200 29162 "-" "curl/7.19.6 (i386-pc-win32) libcurl/7.19.6 OpenSSL/0.9.8k zlib/1.2.3" "www.transmyth.com"
67.28.112.169 - - [30/Jul/2010:06:46:50 -0700] "POST /blog/wp-cron.php?doing_wp_cron HTTP/1.0" 200 0 "-" "WordPress/3.0; http://www.transmyth.com/blog" "www.transmyth.com"
67.195.112.151 - - [30/Jul/2010:06:46:51 -0700] "GET /blog/?p=101 HTTP/1.0" 200 33194 "-" "Mozilla/5.0 (compatible; Yahoo! Slurp/3.0; http://help.yahoo.com/help/us/ysearch/slurp)" "www.transmyth.com"
67.195.112.151 - - [30/Jul/2010:06:46:52 -0700] "GET /blog/wp-content/themes/lightword/style.css?1276805253 HTTP/1.0" 200 14633 "http://www.transmyth.com/blog/?p=101" "Mozilla/5.0 (compatible; Yahoo! Slurp/3.0; http://help.yahoo.com/help/us/ysearch/slurp)" "www.transmyth.com"
67.195.112.151 - - [30/Jul/2010:06:46:52 -0700] "GET /blog/wp-content/themes/lightword/original.css HTTP/1.0" 200 693 "http://www.transmyth.com/blog/?p=101" "Mozilla/5.0 (compatible; Yahoo! Slurp/3.0; http://help.yahoo.com/help/us/ysearch/slurp)" "www.transmyth.com"
67.195.112.151 - - [30/Jul/2010:06:46:54 -0700] "GET /blog/index.php?ak_action=aktt_css HTTP/1.0" 200 394 "http://www.transmyth.com/blog/?p=101" "Mozilla/5.0 (compatible; Yahoo! Slurp/3.0; http://help.yahoo.com/help/us/ysearch/slurp)" "www.transmyth.com"
213.5.70.211 - - [30/Jul/2010:06:47:59 -0700] "GET /afritechnology/index.php HTTP/1.0" 404 - "http://www.transmyth.com/afritechnology/index.php" "Mozilla/4.0 (compatible; MSIE 6.0; Windows NT 5.1; TheFreeDictionary.com; .NET CLR 1.1.4322; .NET CLR 1.0.3705; .NET CLR 2.0.50727)" "www.transmyth.com"
213.5.70.211 - - [30/Jul/2010:06:48:08 -0700] "GET / HTTP/1.0" 200 674 "http://www.transmyth.com/" "Mozilla/4.0 (compatible; MSIE 6.0; Windows NT 5.1; TheFreeDictionary.com; .NET CLR 1.1.4322; .NET CLR 1.0.3705; .NET CLR 2.0.50727)" "www.transmyth.com"
64.4.12.200 - - [30/Jul/2010:06:50:06 -0700] "GET /blog/?feed=rss2 HTTP/1.1" 304 0 "-" "WLA Syndication Platform (Feed Crawler/1.0)" "www.transmyth.com"
67.195.112.151 - - [30/Jul/2010:06:50:17 -0700] "GET /blog/?tag=campaign HTTP/1.0" 200 31101 "-" "Mozilla/5.0 (compatible; Yahoo! Slurp/3.0; http://help.yahoo.com/help/us/ysearch/slurp)" "www.transmyth.com"
77.88.25.27 - - [30/Jul/2010:06:52:16 -0700] "GET /blog/?p=47 HTTP/1.1" 200 28495 "-" "Mozilla/5.0 (compatible; YandexBot/3.0; +http://yandex.com/bots)" "www.transmyth.com"
72.14.199.154 - - [30/Jul/2010:06:58:42 -0700] "GET /blog/?feed=rss2 HTTP/1.1" 304 0 "-" "Feedfetcher-Google; (+http://www.google.com/feedfetcher.html; 10 subscribers; feed-id=18296241740392809178)" "www.transmyth.com"
67.28.112.177 - - [30/Jul/2010:07:01:06 -0700] "POST /blog/wp-cron.php?doing_wp_cron HTTP/1.0" 200 0 "-" "WordPress/3.0; http://www.transmyth.com/blog" "www.transmyth.com"
216.239.242.7 - - [30/Jul/2010:07:01:07 -0700] "GET /blog/?cat=11 HTTP/1.1" 200 75512 "-" "Mozilla/5.0 (Windows; U; Windows NT 5.1; en-US; rv:1.8.1.1) Gecko/20061204 Firefox/2.0.0.1" "www.transmyth.com"
216.239.242.7 - - [30/Jul/2010:07:01:07 -0700] "GET /robots.txt HTTP/1.1" 404 - "-" "Mozilla/5.0 (Windows; U; Windows NT 5.1; en-US; rv:1.8.1.1) Gecko/20061204 Firefox/2.0.0.1" "www.transmyth.com"
72.14.199.200 - - [30/Jul/2010:07:01:59 -0700] "GET /blog/feed/atom/ HTTP/1.1" 404 - "-" "Feedfetcher-Google; (+http://www.google.com/feedfetcher.html; 4 subscribers; feed-id=13423008202216737158)" "transmyth.com"
64.4.12.200 - - [30/Jul/2010:07:05:06 -0700] "GET /blog/?feed=rss2 HTTP/1.1" 304 0 "-" "WLA Syndication Platform (Feed Crawler/1.0)" "www.transmyth.com"
207.46.13.135 - - [30/Jul/2010:07:06:26 -0700] "GET /robots.txt HTTP/1.1" 404 - "-" "msnbot/2.0b (+http://search.msn.com/msnbot.htm)" "www.transmyth.com"
67.221.36.73 - - [30/Jul/2010:07:14:31 -0700] "GET /blog/?page_id=555 HTTP/1.1" 200 25619 "http://www.bing.com/search?q=language%3Aen+loc%3Aus+intitle%3A%22MY+RESUME%22++%22proposal+writing%22+%28engineering+OR+construction%29&go=&form=QBLH" "Mozilla/4.0 (compatible; MSIE 7.0; Windows NT 6.1; SV1; .NET CLR 2.0.50727)" "www.transmyth.com"
124.115.6.11 - - [30/Jul/2010:07:15:28 -0700] "GET /robots.txt HTTP/1.1" 404 - "-" "Sosospider+(+http://help.soso.com/webspider.htm)" "www.transmyth.com"
67.28.112.169 - - [30/Jul/2010:07:18:37 -0700] "POST /blog/wp-cron.php?doing_wp_cron HTTP/1.0" 200 0 "-" "WordPress/3.0; http://www.transmyth.com/blog" "www.transmyth.com"
67.195.112.151 - - [30/Jul/2010:07:18:38 -0700] "GET /blog/?attachment_id=384 HTTP/1.0" 200 22987 "-" "Mozilla/5.0 (compatible; Yahoo! Slurp/3.0; http://help.yahoo.com/help/us/ysearch/slurp)" "www.transmyth.com"
64.4.12.200 - - [30/Jul/2010:07:20:06 -0700] "GET /blog/?feed=rss2 HTTP/1.1" 304 0 "-" "WLA Syndication Platform (Feed Crawler/1.0)" "www.transmyth.com"
67.221.36.74 - - [30/Jul/2010:07:21:00 -0700] "GET /blog/?page_id=555 HTTP/1.0" 200 25603 "http://www.bing.com/search?q=language%3Aen+loc%3Aus+intitle%3A%22MY+RESUME%22++%28engineering+OR+construction%29+%28%22proposal+writing%22+OR+%22proposal+writer%22%29&go=&form=QBLH" "Mozilla/4.0 (compatible; MSIE 7.0; Windows NT 6.1; SV1; .NET CLR 2.0.50727)" "www.transmyth.com"
72.14.199.200 - - [30/Jul/2010:07:24:05 -0700] "GET /blog/feed/ HTTP/1.1" 404 - "-" "Feedfetcher-Google; (+http://www.google.com/feedfetcher.html; 4 subscribers; feed-id=4947928636039393859)" "transmyth.com"
67.195.112.151 - - [30/Jul/2010:07:25:07 -0700] "GET /robots.txt HTTP/1.0" 404 - "-" "Mozilla/5.0 (compatible; Yahoo! Slurp; http://help.yahoo.com/help/us/ysearch/slurp)" "www.transmyth.com"
67.195.112.151 - - [30/Jul/2010:07:25:10 -0700] "GET /blog/?p=402 HTTP/1.0" 200 24020 "-" "Mozilla/5.0 (compatible; Yahoo! Slurp/3.0; http://help.yahoo.com/help/us/ysearch/slurp)" "www.transmyth.com"
72.14.199.200 - - [30/Jul/2010:07:26:55 -0700] "GET /howdymba/?feed=rss2 HTTP/1.1" 302 5 "-" "Feedfetcher-Google; (+http://www.google.com/feedfetcher.html; 4 subscribers; feed-id=17591258290571388912)" "transmyth.com"
72.14.199.154 - - [30/Jul/2010:07:27:21 -0700] "GET /howdymba/?feed=rss2 HTTP/1.1" 304 0 "-" "Feedfetcher-Google; (+http://www.google.com/feedfetcher.html; 4 subscribers; feed-id=17591258290571388912)" "www.transmyth.com"
76.255.177.53 - - [30/Jul/2010:07:27:58 -0700] "GET /blog/wp-content/themes/lightword/style.css?1276805253 HTTP/1.1" 200 14633 "http://www.transmyth.com/blog/" "Mozilla/4.0 (compatible; MSIE 8.0; Windows NT 5.1; Trident/4.0; yie8)" "www.transmyth.com"
76.255.177.53 - - [30/Jul/2010:07:27:58 -0700] "GET /blog/wp-content/themes/lightword/js/cufon.js HTTP/1.1" 200 18691 "http://www.transmyth.com/blog/" "Mozilla/4.0 (compatible; MSIE 8.0; Windows NT 5.1; Trident/4.0; yie8)" "www.transmyth.com"
76.255.177.53 - - [30/Jul/2010:07:27:58 -0700] "GET /blog/wp-includes/js/jquery/jquery.js?ver=1.4.2 HTTP/1.1" 200 72194 "http://www.transmyth.com/blog/" "Mozilla/4.0 (compatible; MSIE 8.0; Windows NT 5.1; Trident/4.0; yie8)" "www.transmyth.com"
76.255.177.53 - - [30/Jul/2010:07:27:58 -0700] "GET /blog/wp-content/themes/lightword/original.css HTTP/1.1" 200 693 "http://www.transmyth.com/blog/" "Mozilla/4.0 (compatible; MSIE 8.0; Windows NT 5.1; Trident/4.0; yie8)" "www.transmyth.com"
76.255.177.53 - - [30/Jul/2010:07:27:58 -0700] "GET /blog/wp-content/themes/lightword/js/mp.font.js HTTP/1.1" 200 29812 "http://www.transmyth.com/blog/" "Mozilla/4.0 (compatible; MSIE 8.0; Windows NT 5.1; Trident/4.0; yie8)" "www.transmyth.com"
76.255.177.53 - - [30/Jul/2010:07:27:58 -0700] "GET /blog/index.php?ak_action=aktt_css HTTP/1.1" 200 410 "http://www.transmyth.com/blog/" "Mozilla/4.0 (compatible; MSIE 8.0; Windows NT 5.1; Trident/4.0; yie8)" "www.transmyth.com"
76.255.177.53 - - [30/Jul/2010:07:27:59 -0700] "GET /blog/index.php?ak_action=aktt_js HTTP/1.1" 200 5 "http://www.transmyth.com/blog/" "Mozilla/4.0 (compatible; MSIE 8.0; Windows NT 5.1; Trident/4.0; yie8)" "www.transmyth.com"
76.255.177.53 - - [30/Jul/2010:07:28:00 -0700] "GET /blog/ HTTP/1.1" 200 103962 "http://www.anjuansimmons.com/" "Mozilla/4.0 (compatible; MSIE 8.0; Windows NT 5.1; Trident/4.0; yie8)" "www.transmyth.com"
76.255.177.53 - - [30/Jul/2010:07:28:00 -0700] "GET /blog/wp-content/uploads/2010/04/image_thumb9.png HTTP/1.1" 200 130543 "http://www.transmyth.com/blog/" "Mozilla/4.0 (compatible; MSIE 8.0; Windows NT 5.1; Trident/4.0; yie8)" "www.transmyth.com"
76.255.177.53 - - [30/Jul/2010:07:28:01 -0700] "GET /blog/wp-content/uploads/2010/04/image_thumb10.png HTTP/1.1" 200 242258 "http://www.transmyth.com/blog/" "Mozilla/4.0 (compatible; MSIE 8.0; Windows NT 5.1; Trident/4.0; yie8)" "www.transmyth.com"
76.255.177.53 - - [30/Jul/2010:07:28:01 -0700] "GET /blog/wp-content/uploads/2010/04/image_thumb11.png HTTP/1.1" 200 296504 "http://www.transmyth.com/blog/" "Mozilla/4.0 (compatible; MSIE 8.0; Windows NT 5.1; Trident/4.0; yie8)" "www.transmyth.com"
76.255.177.53 - - [30/Jul/2010:07:28:03 -0700] "GET /blog/wp-content/themes/lightword/js/menu.js HTTP/1.1" 200 517 "http://www.transmyth.com/blog/" "Mozilla/4.0 (compatible; MSIE 8.0; Windows NT 5.1; Trident/4.0; yie8)" "www.transmyth.com"
76.255.177.53 - - [30/Jul/2010:07:28:04 -0700] "GET /blog/wp-content/themes/lightword/style.css?1276805253 HTTP/1.1" 304 - "http://www.transmyth.com/blog/" "Mozilla/4.0 (compatible; MSIE 8.0; Windows NT 5.1; Trident/4.0; yie8)" "www.transmyth.com"
76.255.177.53 - - [30/Jul/2010:07:28:04 -0700] "GET /blog/wp-content/themes/lightword/original.css HTTP/1.0" 200 693 "http://www.transmyth.com/blog/" "Mozilla/4.0 (compatible; MSIE 8.0; Windows NT 5.1; Trident/4.0; yie8)" "www.transmyth.com"
67.28.112.169 - - [30/Jul/2010:07:28:22 -0700] "POST /blog/wp-cron.php?doing_wp_cron HTTP/1.0" 200 0 "-" "WordPress/3.0; http://www.transmyth.com/blog" "www.transmyth.com"
76.255.177.53 - - [30/Jul/2010:07:28:23 -0700] "GET /blog/?p=113 HTTP/1.1" 200 28963 "http://www.transmyth.com/blog/" "Mozilla/4.0 (compatible; MSIE 8.0; Windows NT 5.1; Trident/4.0; yie8)" "www.transmyth.com"
76.255.177.53 - - [30/Jul/2010:07:28:23 -0700] "GET /blog/wp-includes/js/jquery/jquery.js?ver=1.4.2 HTTP/1.1" 304 - "http://www.transmyth.com/blog/?p=113" "Mozilla/4.0 (compatible; MSIE 8.0; Windows NT 5.1; Trident/4.0; yie8)" "www.transmyth.com"
76.255.177.53 - - [30/Jul/2010:07:28:23 -0700] "GET /blog/wp-content/themes/lightword/style.css?1276805253 HTTP/1.1" 304 - "http://www.transmyth.com/blog/?p=113" "Mozilla/4.0 (compatible; MSIE 8.0; Windows NT 5.1; Trident/4.0; yie8)" "www.transmyth.com"
76.255.177.53 - - [30/Jul/2010:07:28:23 -0700] "GET /blog/wp-includes/js/comment-reply.js?ver=20090102 HTTP/1.1" 200 786 "http://www.transmyth.com/blog/?p=113" "Mozilla/4.0 (compatible; MSIE 8.0; Windows NT 5.1; Trident/4.0; yie8)" "www.transmyth.com"
76.255.177.53 - - [30/Jul/2010:07:28:23 -0700] "GET /blog/wp-content/themes/lightword/original.css HTTP/1.1" 200 693 "http://www.transmyth.com/blog/?p=113" "Mozilla/4.0 (compatible; MSIE 8.0; Windows NT 5.1; Trident/4.0; yie8)" "www.transmyth.com"
76.255.177.53 - - [30/Jul/2010:07:28:23 -0700] "GET /blog/wp-content/themes/lightword/js/cufon.js HTTP/1.1" 200 18691 "http://www.transmyth.com/blog/?p=113" "Mozilla/4.0 (compatible; MSIE 8.0; Windows NT 5.1; Trident/4.0; yie8)" "www.transmyth.com"
76.255.177.53 - - [30/Jul/2010:07:28:23 -0700] "GET /blog/wp-content/themes/lightword/js/mp.font.js HTTP/1.1" 200 29812 "http://www.transmyth.com/blog/?p=113" "Mozilla/4.0 (compatible; MSIE 8.0; Windows NT 5.1; Trident/4.0; yie8)" "www.transmyth.com"
76.255.177.53 - - [30/Jul/2010:07:28:23 -0700] "GET /blog/index.php?ak_action=aktt_js HTTP/1.1" 200 5 "http://www.transmyth.com/blog/?p=113" "Mozilla/4.0 (compatible; MSIE 8.0; Windows NT 5.1; Trident/4.0; yie8)" "www.transmyth.com"
76.255.177.53 - - [30/Jul/2010:07:28:23 -0700] "GET /blog/index.php?ak_action=aktt_css HTTP/1.1" 200 410 "http://www.transmyth.com/blog/?p=113" "Mozilla/4.0 (compatible; MSIE 8.0; Windows NT 5.1; Trident/4.0; yie8)" "www.transmyth.com"
76.255.177.53 - - [30/Jul/2010:07:28:24 -0700] "GET /blog/wp-content/themes/lightword/js/menu.js HTTP/1.1" 200 517 "http://www.transmyth.com/blog/?p=113" "Mozilla/4.0 (compatible; MSIE 8.0; Windows NT 5.1; Trident/4.0; yie8)" "www.transmyth.com"
76.255.177.53 - - [30/Jul/2010:07:28:24 -0700] "GET /blog/wp-content/themes/lightword/js/tabs.js HTTP/1.1" 200 925 "http://www.transmyth.com/blog/?p=113" "Mozilla/4.0 (compatible; MSIE 8.0; Windows NT 5.1; Trident/4.0; yie8)" "www.transmyth.com"
76.255.177.53 - - [30/Jul/2010:07:28:25 -0700] "GET /blog/favicon.ico HTTP/1.1" 404 - "-" "Mozilla/4.0 (compatible; MSIE 8.0; Windows NT 5.1; Trident/4.0; yie8)" "www.transmyth.com"
76.255.177.53 - - [30/Jul/2010:07:28:48 -0700] "GET /blog/?p=16 HTTP/1.1" 200 28846 "http://www.transmyth.com/blog/" "Mozilla/4.0 (compatible; MSIE 8.0; Windows NT 5.1; Trident/4.0; yie8)" "www.transmyth.com"
76.255.177.53 - - [30/Jul/2010:07:28:48 -0700] "GET /blog/wp-includes/js/comment-reply.js?ver=20090102 HTTP/1.1" 304 - "http://www.transmyth.com/blog/?p=16" "Mozilla/4.0 (compatible; MSIE 8.0; Windows NT 5.1; Trident/4.0; yie8)" "www.transmyth.com"
76.255.177.53 - - [30/Jul/2010:07:28:48 -0700] "GET /blog/wp-content/themes/lightword/original.css HTTP/1.1" 200 693 "http://www.transmyth.com/blog/?p=16" "Mozilla/4.0 (compatible; MSIE 8.0; Windows NT 5.1; Trident/4.0; yie8)" "www.transmyth.com"
76.255.177.53 - - [30/Jul/2010:07:28:48 -0700] "GET /blog/wp-includes/js/jquery/jquery.js?ver=1.4.2 HTTP/1.1" 304 - "http://www.transmyth.com/blog/?p=16" "Mozilla/4.0 (compatible; MSIE 8.0; Windows NT 5.1; Trident/4.0; yie8)" "www.transmyth.com"
76.255.177.53 - - [30/Jul/2010:07:28:48 -0700] "GET /blog/wp-content/themes/lightword/style.css?1276805253 HTTP/1.1" 304 - "http://www.transmyth.com/blog/?p=16" "Mozilla/4.0 (compatible; MSIE 8.0; Windows NT 5.1; Trident/4.0; yie8)" "www.transmyth.com"
76.255.177.53 - - [30/Jul/2010:07:28:49 -0700] "GET /blog/wp-content/themes/lightword/js/cufon.js HTTP/1.1" 200 18691 "http://www.transmyth.com/blog/?p=16" "Mozilla/4.0 (compatible; MSIE 8.0; Windows NT 5.1; Trident/4.0; yie8)" "www.transmyth.com"
76.255.177.53 - - [30/Jul/2010:07:28:48 -0700] "GET /blog/wp-content/themes/lightword/js/mp.font.js HTTP/1.1" 200 29812 "http://www.transmyth.com/blog/?p=16" "Mozilla/4.0 (compatible; MSIE 8.0; Windows NT 5.1; Trident/4.0; yie8)" "www.transmyth.com"
76.255.177.53 - - [30/Jul/2010:07:28:49 -0700] "GET /blog/index.php?ak_action=aktt_css HTTP/1.1" 200 410 "http://www.transmyth.com/blog/?p=16" "Mozilla/4.0 (compatible; MSIE 8.0; Windows NT 5.1; Trident/4.0; yie8)" "www.transmyth.com"
76.255.177.53 - - [30/Jul/2010:07:28:49 -0700] "GET /blog/index.php?ak_action=aktt_js HTTP/1.1" 200 5 "http://www.transmyth.com/blog/?p=16" "Mozilla/4.0 (compatible; MSIE 8.0; Windows NT 5.1; Trident/4.0; yie8)" "www.transmyth.com"
76.255.177.53 - - [30/Jul/2010:07:28:50 -0700] "GET /blog/wp-content/themes/lightword/js/menu.js HTTP/1.1" 200 517 "http://www.transmyth.com/blog/?p=16" "Mozilla/4.0 (compatible; MSIE 8.0; Windows NT 5.1; Trident/4.0; yie8)" "www.transmyth.com"
76.255.177.53 - - [30/Jul/2010:07:28:50 -0700] "GET /blog/wp-content/themes/lightword/js/tabs.js HTTP/1.1" 200 925 "http://www.transmyth.com/blog/?p=16" "Mozilla/4.0 (compatible; MSIE 8.0; Windows NT 5.1; Trident/4.0; yie8)" "www.transmyth.com"
76.255.177.53 - - [30/Jul/2010:07:28:51 -0700] "GET /blog/favicon.ico HTTP/1.1" 404 - "-" "Mozilla/4.0 (compatible; MSIE 8.0; Windows NT 5.1; Trident/4.0; yie8)" "www.transmyth.com"
72.14.199.200 - - [30/Jul/2010:07:29:17 -0700] "GET /howdymba/?feed=rss2 HTTP/1.1" 302 5 "-" "Feedfetcher-Google; (+http://www.google.com/feedfetcher.html; 4 subscribers; feed-id=17591258290571388912)" "transmyth.com"
76.255.177.53 - - [30/Jul/2010:07:29:40 -0700] "GET /blog/?p=628 HTTP/1.1" 200 40291 "http://www.transmyth.com/blog/" "Mozilla/4.0 (compatible; MSIE 8.0; Windows NT 5.1; Trident/4.0; yie8)" "www.transmyth.com"
76.255.177.53 - - [30/Jul/2010:07:29:40 -0700] "GET /blog/wp-content/themes/lightword/style.css?1276805253 HTTP/1.1" 304 - "http://www.transmyth.com/blog/?p=628" "Mozilla/4.0 (compatible; MSIE 8.0; Windows NT 5.1; Trident/4.0; yie8)" "www.transmyth.com"
76.255.177.53 - - [30/Jul/2010:07:29:40 -0700] "GET /blog/wp-content/themes/lightword/original.css HTTP/1.1" 200 693 "http://www.transmyth.com/blog/?p=628" "Mozilla/4.0 (compatible; MSIE 8.0; Windows NT 5.1; Trident/4.0; yie8)" "www.transmyth.com"
76.255.177.53 - - [30/Jul/2010:07:29:40 -0700] "GET /blog/wp-includes/js/comment-reply.js?ver=20090102 HTTP/1.1" 304 - "http://www.transmyth.com/blog/?p=628" "Mozilla/4.0 (compatible; MSIE 8.0; Windows NT 5.1; Trident/4.0; yie8)" "www.transmyth.com"
76.255.177.53 - - [30/Jul/2010:07:29:40 -0700] "GET /blog/wp-includes/js/jquery/jquery.js?ver=1.4.2 HTTP/1.1" 304 - "http://www.transmyth.com/blog/?p=628" "Mozilla/4.0 (compatible; MSIE 8.0; Windows NT 5.1; Trident/4.0; yie8)" "www.transmyth.com"
76.255.177.53 - - [30/Jul/2010:07:29:40 -0700] "GET /blog/wp-content/themes/lightword/js/cufon.js HTTP/1.1" 200 18691 "http://www.transmyth.com/blog/?p=628" "Mozilla/4.0 (compatible; MSIE 8.0; Windows NT 5.1; Trident/4.0; yie8)" "www.transmyth.com"
76.255.177.53 - - [30/Jul/2010:07:29:40 -0700] "GET /blog/wp-content/themes/lightword/js/mp.font.js HTTP/1.1" 200 29812 "http://www.transmyth.com/blog/?p=628" "Mozilla/4.0 (compatible; MSIE 8.0; Windows NT 5.1; Trident/4.0; yie8)" "www.transmyth.com"
76.255.177.53 - - [30/Jul/2010:07:29:41 -0700] "GET /blog/index.php?ak_action=aktt_css HTTP/1.1" 200 410 "http://www.transmyth.com/blog/?p=628" "Mozilla/4.0 (compatible; MSIE 8.0; Windows NT 5.1; Trident/4.0; yie8)" "www.transmyth.com"
76.255.177.53 - - [30/Jul/2010:07:29:41 -0700] "GET /blog/index.php?ak_action=aktt_js HTTP/1.1" 200 5 "http://www.transmyth.com/blog/?p=628" "Mozilla/4.0 (compatible; MSIE 8.0; Windows NT 5.1; Trident/4.0; yie8)" "www.transmyth.com"
76.255.177.53 - - [30/Jul/2010:07:29:41 -0700] "GET /blog/wp-content/themes/lightword/js/menu.js HTTP/1.1" 200 517 "http://www.transmyth.com/blog/?p=628" "Mozilla/4.0 (compatible; MSIE 8.0; Windows NT 5.1; Trident/4.0; yie8)" "www.transmyth.com"
76.255.177.53 - - [30/Jul/2010:07:29:41 -0700] "GET /blog/wp-content/themes/lightword/js/tabs.js HTTP/1.1" 200 925 "http://www.transmyth.com/blog/?p=628" "Mozilla/4.0 (compatible; MSIE 8.0; Windows NT 5.1; Trident/4.0; yie8)" "www.transmyth.com"
72.14.199.154 - - [30/Jul/2010:07:31:12 -0700] "GET /howdymba/?feed=rss2 HTTP/1.1" 304 0 "-" "Feedfetcher-Google; (+http://www.google.com/feedfetcher.html; 4 subscribers; feed-id=17591258290571388912)" "www.transmyth.com"
76.255.177.53 - - [30/Jul/2010:07:31:56 -0700] "GET /blog/?p=668 HTTP/1.1" 200 33095 "http://www.transmyth.com/blog/" "Mozilla/4.0 (compatible; MSIE 8.0; Windows NT 5.1; Trident/4.0; yie8)" "www.transmyth.com"
76.255.177.53 - - [30/Jul/2010:07:31:56 -0700] "GET /blog/wp-includes/js/comment-reply.js?ver=20090102 HTTP/1.1" 304 - "http://www.transmyth.com/blog/?p=668" "Mozilla/4.0 (compatible; MSIE 8.0; Windows NT 5.1; Trident/4.0; yie8)" "www.transmyth.com"
76.255.177.53 - - [30/Jul/2010:07:31:56 -0700] "GET /blog/wp-includes/js/jquery/jquery.js?ver=1.4.2 HTTP/1.1" 304 - "http://www.transmyth.com/blog/?p=668" "Mozilla/4.0 (compatible; MSIE 8.0; Windows NT 5.1; Trident/4.0; yie8)" "www.transmyth.com"
76.255.177.53 - - [30/Jul/2010:07:31:56 -0700] "GET /blog/wp-content/themes/lightword/style.css?1276805253 HTTP/1.1" 304 - "http://www.transmyth.com/blog/?p=668" "Mozilla/4.0 (compatible; MSIE 8.0; Windows NT 5.1; Trident/4.0; yie8)" "www.transmyth.com"
76.255.177.53 - - [30/Jul/2010:07:31:56 -0700] "GET /blog/wp-content/themes/lightword/original.css HTTP/1.1" 200 693 "http://www.transmyth.com/blog/?p=668" "Mozilla/4.0 (compatible; MSIE 8.0; Windows NT 5.1; Trident/4.0; yie8)" "www.transmyth.com"
76.255.177.53 - - [30/Jul/2010:07:31:56 -0700] "GET /blog/wp-content/themes/lightword/js/cufon.js HTTP/1.1" 200 18691 "http://www.transmyth.com/blog/?p=668" "Mozilla/4.0 (compatible; MSIE 8.0; Windows NT 5.1; Trident/4.0; yie8)" "www.transmyth.com"
76.255.177.53 - - [30/Jul/2010:07:31:56 -0700] "GET /blog/wp-content/themes/lightword/js/mp.font.js HTTP/1.1" 200 29812 "http://www.transmyth.com/blog/?p=668" "Mozilla/4.0 (compatible; MSIE 8.0; Windows NT 5.1; Trident/4.0; yie8)" "www.transmyth.com"
76.255.177.53 - - [30/Jul/2010:07:31:57 -0700] "GET /blog/index.php?ak_action=aktt_css HTTP/1.1" 200 410 "http://www.transmyth.com/blog/?p=668" "Mozilla/4.0 (compatible; MSIE 8.0; Windows NT 5.1; Trident/4.0; yie8)" "www.transmyth.com"
76.255.177.53 - - [30/Jul/2010:07:31:57 -0700] "GET /blog/index.php?ak_action=aktt_js HTTP/1.1" 200 5 "http://www.transmyth.com/blog/?p=668" "Mozilla/4.0 (compatible; MSIE 8.0; Windows NT 5.1; Trident/4.0; yie8)" "www.transmyth.com"
76.255.177.53 - - [30/Jul/2010:07:31:58 -0700] "GET /blog/wp-content/themes/lightword/js/menu.js HTTP/1.1" 200 517 "http://www.transmyth.com/blog/?p=668" "Mozilla/4.0 (compatible; MSIE 8.0; Windows NT 5.1; Trident/4.0; yie8)" "www.transmyth.com"
76.255.177.53 - - [30/Jul/2010:07:31:58 -0700] "GET /blog/wp-content/themes/lightword/js/tabs.js HTTP/1.1" 200 925 "http://www.transmyth.com/blog/?p=668" "Mozilla/4.0 (compatible; MSIE 8.0; Windows NT 5.1; Trident/4.0; yie8)" "www.transmyth.com"
67.195.112.151 - - [30/Jul/2010:07:34:32 -0700] "GET /nunoire/wp-login.php?action=lostpassword HTTP/1.0" 200 1662 "-" "Mozilla/5.0 (compatible; Yahoo! Slurp/3.0; http://help.yahoo.com/help/us/ysearch/slurp)" "www.transmyth.com"
67.195.112.151 - - [30/Jul/2010:07:34:32 -0700] "GET /nunoire/wp-admin/css/login.css?ver=2.6 HTTP/1.0" 200 1436 "http://www.transmyth.com/nunoire/wp-login.php?action=lostpassword" "Mozilla/5.0 (compatible; Yahoo! Slurp/3.0; http://help.yahoo.com/help/us/ysearch/slurp)" "www.transmyth.com"
67.195.112.151 - - [30/Jul/2010:07:34:32 -0700] "GET /nunoire/wp-admin/css/colors-fresh.css?ver=2.6 HTTP/1.0" 200 13843 "http://www.transmyth.com/nunoire/wp-login.php?action=lostpassword" "Mozilla/5.0 (compatible; Yahoo! Slurp/3.0; http://help.yahoo.com/help/us/ysearch/slurp)" "www.transmyth.com"
64.4.12.200 - - [30/Jul/2010:07:35:06 -0700] "GET /blog/?feed=rss2 HTTP/1.1" 304 0 "-" "WLA Syndication Platform (Feed Crawler/1.0)" "www.transmyth.com"
67.195.112.151 - - [30/Jul/2010:07:38:56 -0700] "GET /afritechnology/viewtopic.php?f=6&t=9931 HTTP/1.0" 404 - "-" "Mozilla/5.0 (compatible; Yahoo! Slurp/3.0; http://help.yahoo.com/help/us/ysearch/slurp)" "www.transmyth.com"
207.46.13.135 - - [30/Jul/2010:07:44:34 -0700] "GET /blog/?tag=black HTTP/1.1" 200 35176 "-" "msnbot/2.0b (+http://search.msn.com/msnbot.htm)" "www.transmyth.com"
142.166.170.101 - - [30/Jul/2010:07:45:43 -0700] "GET /robots.txt HTTP/1.1" 404 - "-" "R6_CommentReader(www.radian6.com/crawler)" "www.transmyth.com"
142.166.170.101 - - [30/Jul/2010:07:45:45 -0700] "GET /blog/?p=690 HTTP/1.1" 200 25618 "-" "R6_CommentReader(www.radian6.com/crawler)" "www.transmyth.com"
128.100.20.204 - - [30/Jul/2010:07:46:01 -0700] "GET /blog/?feed=rss2 HTTP/1.0" 301 0 "-" "Mozilla/5.0 (compatible; BlogScope/1.0; +http://www.blogscope.net/; U of Toronto)" "transmyth.com"
128.100.20.204 - - [30/Jul/2010:07:46:03 -0700] "GET /blog/?feed=rss2 HTTP/1.1" 200 79622 "-" "Mozilla/5.0 (compatible; BlogScope/1.0; +http://www.blogscope.net/; U of Toronto)" "www.transmyth.com"
66.249.65.237 - - [30/Jul/2010:07:46:11 -0700] "GET /robots.txt HTTP/1.1" 404 - "-" "Mozilla/5.0 (compatible; Googlebot/2.1; +http://www.google.com/bot.html)" "transmyth.com"
66.249.65.247 - - [30/Jul/2010:07:46:11 -0700] "GET /afritechnology/viewtopic.php?f=6 HTTP/1.1" 404 - "-" "Mozilla/5.0 (compatible; Googlebot/2.1; +http://www.google.com/bot.html)" "transmyth.com"
64.4.12.200 - - [30/Jul/2010:07:50:05 -0700] "GET /blog/?feed=rss2 HTTP/1.1" 200 79622 "-" "WLA Syndication Platform (Feed Crawler/1.0)" "www.transmyth.com"
38.107.191.85 - - [30/Jul/2010:07:51:31 -0700] "GET /robots.txt HTTP/1.1" 404 - "-" "CCBot/1.0 (+http://www.commoncrawl.org/bot.html)" "www.transmyth.com"
38.107.191.86 - - [30/Jul/2010:07:51:35 -0700] "GET /tmp/sess_45a8c9b3c71506197512c5a1a62cd39f HTTP/1.1" 403 - "-" "CCBot/1.0 (+http://www.commoncrawl.org/bot.html)" "www.transmyth.com"
38.107.191.87 - - [30/Jul/2010:07:51:39 -0700] "GET /logs/access_100308.log HTTP/1.1" 404 - "-" "CCBot/1.0 (+http://www.commoncrawl.org/bot.html)" "www.transmyth.com"
67.28.112.177 - - [30/Jul/2010:07:51:48 -0700] "POST /blog/wp-cron.php?doing_wp_cron HTTP/1.0" 200 0 "-" "WordPress/3.0; http://www.transmyth.com/blog" "www.transmyth.com"
38.107.191.88 - - [30/Jul/2010:07:51:49 -0700] "GET /blog/?p=50 HTTP/1.1" 200 34458 "-" "CCBot/1.0 (+http://www.commoncrawl.org/bot.html)" "www.transmyth.com"
38.107.191.89 - - [30/Jul/2010:07:52:07 -0700] "GET /blog/wp-content/themes/lightword/js/tabs.js HTTP/1.1" 200 925 "-" "CCBot/1.0 (+http://www.commoncrawl.org/bot.html)" "www.transmyth.com"
38.107.191.85 - - [30/Jul/2010:07:52:11 -0700] "GET /tmp/sess_72b4b1afcdbc0f0902a556454f681803 HTTP/1.1" 403 - "-" "CCBot/1.0 (+http://www.commoncrawl.org/bot.html)" "www.transmyth.com"
38.107.191.86 - - [30/Jul/2010:07:52:15 -0700] "GET /tmp/sess_046f58b34391e369b8c720bab9d97f8c HTTP/1.1" 403 - "-" "CCBot/1.0 (+http://www.commoncrawl.org/bot.html)" "www.transmyth.com"
38.107.191.87 - - [30/Jul/2010:07:52:20 -0700] "GET /blog/?p=41 HTTP/1.1" 200 35224 "-" "CCBot/1.0 (+http://www.commoncrawl.org/bot.html)" "www.transmyth.com"
38.107.191.88 - - [30/Jul/2010:07:52:29 -0700] "GET /tmp/phpTq5B2Q HTTP/1.1" 200 1245184 "-" "CCBot/1.0 (+http://www.commoncrawl.org/bot.html)" "www.transmyth.com"
38.107.191.89 - - [30/Jul/2010:07:52:33 -0700] "GET /tmp/sess_12134530bb9f65192232e44e8a3b440f HTTP/1.1" 403 - "-" "CCBot/1.0 (+http://www.commoncrawl.org/bot.html)" "www.transmyth.com"
38.107.191.85 - - [30/Jul/2010:07:52:37 -0700] "GET /tmp/sess_1de78308caaf910015092160da10c60f HTTP/1.1" 403 - "-" "CCBot/1.0 (+http://www.commoncrawl.org/bot.html)" "www.transmyth.com"
38.107.191.86 - - [30/Jul/2010:07:52:43 -0700] "GET /nunoire/ HTTP/1.1" 200 32719 "-" "CCBot/1.0 (+http://www.commoncrawl.org/bot.html)" "www.transmyth.com"
38.107.191.87 - - [30/Jul/2010:07:52:52 -0700] "GET /blog/?p=72 HTTP/1.1" 200 32136 "-" "CCBot/1.0 (+http://www.commoncrawl.org/bot.html)" "www.transmyth.com"
38.107.191.88 - - [30/Jul/2010:07:52:56 -0700] "GET /robots.txt HTTP/1.1" 404 - "-" "CCBot/1.0 (+http://www.commoncrawl.org/bot.html)" "transmyth.com"
38.107.191.89 - - [30/Jul/2010:07:53:00 -0700] "GET /afritechnology/viewtopic.php?f=5&t=4577 HTTP/1.1" 404 - "-" "CCBot/1.0 (+http://www.commoncrawl.org/bot.html)" "transmyth.com"
38.107.191.85 - - [30/Jul/2010:07:53:04 -0700] "GET /Images/ HTTP/1.1" 200 1386 "-" "CCBot/1.0 (+http://www.commoncrawl.org/bot.html)" "www.transmyth.com"
220.181.94.233 - - [30/Jul/2010:07:53:07 -0700] "GET /robots.txt HTTP/1.1" 404 - "-" "-" "transmyth.com"
38.107.191.86 - - [30/Jul/2010:07:53:08 -0700] "GET /tmp/mailError.log HTTP/1.1" 200 5388 "-" "CCBot/1.0 (+http://www.commoncrawl.org/bot.html)" "www.transmyth.com"
38.107.191.87 - - [30/Jul/2010:07:53:13 -0700] "GET /blog/?p=105 HTTP/1.1" 200 32009 "-" "CCBot/1.0 (+http://www.commoncrawl.org/bot.html)" "www.transmyth.com"
38.107.191.88 - - [30/Jul/2010:07:53:17 -0700] "GET /tmp/sess_0974aea2da52ef1ea22ecfb77e3d0e76 HTTP/1.1" 403 - "-" "CCBot/1.0 (+http://www.commoncrawl.org/bot.html)" "www.transmyth.com"
38.107.191.89 - - [30/Jul/2010:07:53:21 -0700] "GET /tmp/sess_7c0a3310c914d8be512a7e94d871e4d6 HTTP/1.1" 403 - "-" "CCBot/1.0 (+http://www.commoncrawl.org/bot.html)" "www.transmyth.com"
38.107.191.85 - - [30/Jul/2010:07:53:25 -0700] "GET /blog/wp-includes/wlwmanifest.xml HTTP/1.1" 200 1053 "-" "CCBot/1.0 (+http://www.commoncrawl.org/bot.html)" "www.transmyth.com"
38.107.191.86 - - [30/Jul/2010:07:53:30 -0700] "GET /blog/xmlrpc.php HTTP/1.1" 200 58 "-" "CCBot/1.0 (+http://www.commoncrawl.org/bot.html)" "www.transmyth.com"
38.107.191.87 - - [30/Jul/2010:07:53:33 -0700] "GET /tmp/sess_0a46c2190defcc0780293c6b2c798038 HTTP/1.1" 403 - "-" "CCBot/1.0 (+http://www.commoncrawl.org/bot.html)" "www.transmyth.com"
38.107.191.88 - - [30/Jul/2010:07:53:38 -0700] "GET /blog/?p=84 HTTP/1.1" 200 32763 "-" "CCBot/1.0 (+http://www.commoncrawl.org/bot.html)" "www.transmyth.com"
38.107.191.89 - - [30/Jul/2010:07:53:42 -0700] "GET /tmp/sess_60f52c0283f12a5d391ce2e5e6c1de2b HTTP/1.1" 403 - "-" "CCBot/1.0 (+http://www.commoncrawl.org/bot.html)" "www.transmyth.com"
38.107.191.85 - - [30/Jul/2010:07:53:46 -0700] "GET /tmp/sess_55176693a29981a55fdddadbd6a12809 HTTP/1.1" 403 - "-" "CCBot/1.0 (+http://www.commoncrawl.org/bot.html)" "www.transmyth.com"
38.107.191.86 - - [30/Jul/2010:07:53:50 -0700] "GET /tmp/sess_06033981165ba8a200a127f5bb310fd9 HTTP/1.1" 403 - "-" "CCBot/1.0 (+http://www.commoncrawl.org/bot.html)" "www.transmyth.com"
38.107.191.87 - - [30/Jul/2010:07:53:54 -0700] "GET /tmp/sess_727a5e4cbae34c94097036d843ed97b4 HTTP/1.1" 403 - "-" "CCBot/1.0 (+http://www.commoncrawl.org/bot.html)" "www.transmyth.com"
38.107.191.88 - - [30/Jul/2010:07:53:58 -0700] "GET /blog/?p=113 HTTP/1.1" 200 28963 "-" "CCBot/1.0 (+http://www.commoncrawl.org/bot.html)" "www.transmyth.com"
38.107.191.89 - - [30/Jul/2010:07:54:02 -0700] "GET /backup/ HTTP/1.1" 200 663 "-" "CCBot/1.0 (+http://www.commoncrawl.org/bot.html)" "www.transmyth.com"
38.107.191.85 - - [30/Jul/2010:07:54:07 -0700] "GET /blog/?p=75 HTTP/1.1" 200 27768 "-" "CCBot/1.0 (+http://www.commoncrawl.org/bot.html)" "www.transmyth.com"
38.107.191.86 - - [30/Jul/2010:07:54:11 -0700] "GET /tmp/sess_6b9f59985c76ea80eb42fa93f5b9d7d9 HTTP/1.1" 403 - "-" "CCBot/1.0 (+http://www.commoncrawl.org/bot.html)" "www.transmyth.com"
38.107.191.87 - - [30/Jul/2010:07:54:15 -0700] "GET /tmp/sess_17fb4a889b714064470e1aace3b794e1 HTTP/1.1" 403 - "-" "CCBot/1.0 (+http://www.commoncrawl.org/bot.html)" "www.transmyth.com"
38.107.191.88 - - [30/Jul/2010:07:54:21 -0700] "GET /howdymba/ HTTP/1.1" 302 5 "-" "CCBot/1.0 (+http://www.commoncrawl.org/bot.html)" "transmyth.com"
38.107.191.88 - - [30/Jul/2010:07:54:22 -0700] "GET /howdymba/ HTTP/1.1" 200 45779 "-" "CCBot/1.0 (+http://www.commoncrawl.org/bot.html)" "www.transmyth.com"
38.107.191.89 - - [30/Jul/2010:07:54:28 -0700] "GET /blog/?p=36 HTTP/1.1" 200 29137 "-" "CCBot/1.0 (+http://www.commoncrawl.org/bot.html)" "www.transmyth.com"
38.107.191.85 - - [30/Jul/2010:07:54:32 -0700] "GET /tmp/sess_50d471cc1c34649229f1d5d791990ed9 HTTP/1.0" 403 - "-" "CCBot/1.0 (+http://www.commoncrawl.org/bot.html)" "www.transmyth.com"
38.107.191.86 - - [30/Jul/2010:07:54:37 -0700] "GET /logs/access_100310.log HTTP/1.1" 404 - "-" "CCBot/1.0 (+http://www.commoncrawl.org/bot.html)" "www.transmyth.com"
38.107.191.87 - - [30/Jul/2010:07:54:42 -0700] "GET /tmp/sess_5f650b5fad17cefd665ca8a162e969f9 HTTP/1.1" 403 - "-" "CCBot/1.0 (+http://www.commoncrawl.org/bot.html)" "www.transmyth.com"
38.107.191.88 - - [30/Jul/2010:07:54:45 -0700] "GET /nunoire/wp-content/themes/mistylook/style.css HTTP/1.1" 200 8098 "-" "CCBot/1.0 (+http://www.commoncrawl.org/bot.html)" "www.transmyth.com"
38.107.191.89 - - [30/Jul/2010:07:54:50 -0700] "GET /tmp/sess_167e91bf0a15500a407b4ea157efc8f1 HTTP/1.1" 403 - "-" "CCBot/1.0 (+http://www.commoncrawl.org/bot.html)" "www.transmyth.com"
38.107.191.85 - - [30/Jul/2010:07:54:56 -0700] "GET /phpMyAdmin/ HTTP/1.1" 200 12413 "-" "CCBot/1.0 (+http://www.commoncrawl.org/bot.html)" "www.transmyth.com"
69.246.228.58 - - [30/Jul/2010:07:55:37 -0700] "GET /blog/?p=628 HTTP/1.1" 200 40291 "http://www.google.com/search?hl=en&rlz=1T4GGLL_enUS388US389&q=code+of+conduct+for+young+men&aq=f&aqi=&aql=&oq=&gs_rfai=" "Mozilla/4.0 (compatible; MSIE 8.0; Windows NT 6.0; Trident/4.0; GTB6.5; SLCC1; .NET CLR 2.0.50727; Media Center PC 5.0; .NET CLR 3.5.30729; InfoPath.2; .NET CLR 3.0.30729; .NET4.0C)" "www.transmyth.com"
69.246.228.58 - - [30/Jul/2010:07:55:37 -0700] "GET /blog/wp-content/themes/lightword/style.css?1276805253 HTTP/1.1" 200 14633 "http://www.transmyth.com/blog/?p=628" "Mozilla/4.0 (compatible; MSIE 8.0; Windows NT 6.0; Trident/4.0; GTB6.5; SLCC1; .NET CLR 2.0.50727; Media Center PC 5.0; .NET CLR 3.5.30729; InfoPath.2; .NET CLR 3.0.30729; .NET4.0C)" "www.transmyth.com"
69.246.228.58 - - [30/Jul/2010:07:55:37 -0700] "GET /blog/wp-content/themes/lightword/original.css HTTP/1.1" 200 693 "http://www.transmyth.com/blog/?p=628" "Mozilla/4.0 (compatible; MSIE 8.0; Windows NT 6.0; Trident/4.0; GTB6.5; SLCC1; .NET CLR 2.0.50727; Media Center PC 5.0; .NET CLR 3.5.30729; InfoPath.2; .NET CLR 3.0.30729; .NET4.0C)" "www.transmyth.com"
69.246.228.58 - - [30/Jul/2010:07:55:37 -0700] "GET /blog/wp-includes/js/jquery/jquery.js?ver=1.4.2 HTTP/1.1" 200 72194 "http://www.transmyth.com/blog/?p=628" "Mozilla/4.0 (compatible; MSIE 8.0; Windows NT 6.0; Trident/4.0; GTB6.5; SLCC1; .NET CLR 2.0.50727; Media Center PC 5.0; .NET CLR 3.5.30729; InfoPath.2; .NET CLR 3.0.30729; .NET4.0C)" "www.transmyth.com"
69.246.228.58 - - [30/Jul/2010:07:55:37 -0700] "GET /blog/wp-includes/js/comment-reply.js?ver=20090102 HTTP/1.1" 200 786 "http://www.transmyth.com/blog/?p=628" "Mozilla/4.0 (compatible; MSIE 8.0; Windows NT 6.0; Trident/4.0; GTB6.5; SLCC1; .NET CLR 2.0.50727; Media Center PC 5.0; .NET CLR 3.5.30729; InfoPath.2; .NET CLR 3.0.30729; .NET4.0C)" "www.transmyth.com"
69.246.228.58 - - [30/Jul/2010:07:55:37 -0700] "GET /blog/wp-content/themes/lightword/js/mp.font.js HTTP/1.1" 200 29812 "http://www.transmyth.com/blog/?p=628" "Mozilla/4.0 (compatible; MSIE 8.0; Windows NT 6.0; Trident/4.0; GTB6.5; SLCC1; .NET CLR 2.0.50727; Media Center PC 5.0; .NET CLR 3.5.30729; InfoPath.2; .NET CLR 3.0.30729; .NET4.0C)" "www.transmyth.com"
69.246.228.58 - - [30/Jul/2010:07:55:37 -0700] "GET /blog/wp-content/themes/lightword/js/cufon.js HTTP/1.1" 200 18691 "http://www.transmyth.com/blog/?p=628" "Mozilla/4.0 (compatible; MSIE 8.0; Windows NT 6.0; Trident/4.0; GTB6.5; SLCC1; .NET CLR 2.0.50727; Media Center PC 5.0; .NET CLR 3.5.30729; InfoPath.2; .NET CLR 3.0.30729; .NET4.0C)" "www.transmyth.com"
69.246.228.58 - - [30/Jul/2010:07:55:37 -0700] "GET /blog/index.php?ak_action=aktt_css HTTP/1.1" 200 410 "http://www.transmyth.com/blog/?p=628" "Mozilla/4.0 (compatible; MSIE 8.0; Windows NT 6.0; Trident/4.0; GTB6.5; SLCC1; .NET CLR 2.0.50727; Media Center PC 5.0; .NET CLR 3.5.30729; InfoPath.2; .NET CLR 3.0.30729; .NET4.0C)" "www.transmyth.com"
69.246.228.58 - - [30/Jul/2010:07:55:37 -0700] "GET /blog/index.php?ak_action=aktt_js HTTP/1.1" 200 5 "http://www.transmyth.com/blog/?p=628" "Mozilla/4.0 (compatible; MSIE 8.0; Windows NT 6.0; Trident/4.0; GTB6.5; SLCC1; .NET CLR 2.0.50727; Media Center PC 5.0; .NET CLR 3.5.30729; InfoPath.2; .NET CLR 3.0.30729; .NET4.0C)" "www.transmyth.com"
69.246.228.58 - - [30/Jul/2010:07:55:38 -0700] "GET /blog/wp-content/themes/lightword/js/tabs.js HTTP/1.1" 200 925 "http://www.transmyth.com/blog/?p=628" "Mozilla/4.0 (compatible; MSIE 8.0; Windows NT 6.0; Trident/4.0; GTB6.5; SLCC1; .NET CLR 2.0.50727; Media Center PC 5.0; .NET CLR 3.5.30729; InfoPath.2; .NET CLR 3.0.30729; .NET4.0C)" "www.transmyth.com"
69.246.228.58 - - [30/Jul/2010:07:55:38 -0700] "GET /blog/wp-content/themes/lightword/js/menu.js HTTP/1.1" 200 517 "http://www.transmyth.com/blog/?p=628" "Mozilla/4.0 (compatible; MSIE 8.0; Windows NT 6.0; Trident/4.0; GTB6.5; SLCC1; .NET CLR 2.0.50727; Media Center PC 5.0; .NET CLR 3.5.30729; InfoPath.2; .NET CLR 3.0.30729; .NET4.0C)" "www.transmyth.com"
69.246.228.58 - - [30/Jul/2010:07:55:38 -0700] "GET /blog/wp-content/uploads/2010/04/image_thumb26.png HTTP/1.1" 200 192492 "http://www.transmyth.com/blog/?p=628" "Mozilla/4.0 (compatible; MSIE 8.0; Windows NT 6.0; Trident/4.0; GTB6.5; SLCC1; .NET CLR 2.0.50727; Media Center PC 5.0; .NET CLR 3.5.30729; InfoPath.2; .NET CLR 3.0.30729; .NET4.0C)" "www.transmyth.com"
69.246.228.58 - - [30/Jul/2010:07:55:39 -0700] "GET /blog/favicon.ico HTTP/1.1" 404 - "-" "Mozilla/4.0 (compatible; MSIE 8.0; Windows NT 6.0; Trident/4.0; GTB6.5; SLCC1; .NET CLR 2.0.50727; Media Center PC 5.0; .NET CLR 3.5.30729; InfoPath.2; .NET CLR 3.0.30729; .NET4.0C)" "www.transmyth.com"
66.220.153.244 - - [30/Jul/2010:07:57:21 -0700] "GET /blog/?p=628 HTTP/1.1" 200 40291 "-" "facebookexternalhit/1.1 (+http://www.facebook.com/externalhit_uatext.php)" "www.transmyth.com"
38.107.191.86 - - [30/Jul/2010:07:59:53 -0700] "GET /tmp/sess_37a3522434a83da14929320c3fa6377f HTTP/1.1" 403 - "-" "CCBot/1.0 (+http://www.commoncrawl.org/bot.html)" "www.transmyth.com"
38.107.191.87 - - [30/Jul/2010:07:59:58 -0700] "GET /tmp/sess_0d659d44aa87e910483c2eb7ce4dcd7d HTTP/1.1" 403 - "-" "CCBot/1.0 (+http://www.commoncrawl.org/bot.html)" "www.transmyth.com"
38.107.191.88 - - [30/Jul/2010:08:00:03 -0700] "GET /blog/?p=29 HTTP/1.1" 200 28660 "-" "CCBot/1.0 (+http://www.commoncrawl.org/bot.html)" "www.transmyth.com"
38.107.191.89 - - [30/Jul/2010:08:00:11 -0700] "GET /tmp/sess_56beacbb5faf24e0d46d0d4def4d6f02 HTTP/1.1" 403 - "-" "CCBot/1.0 (+http://www.commoncrawl.org/bot.html)" "www.transmyth.com"
38.107.191.85 - - [30/Jul/2010:08:00:16 -0700] "GET /blog/?p=38 HTTP/1.1" 200 33598 "-" "CCBot/1.0 (+http://www.commoncrawl.org/bot.html)" "www.transmyth.com"
38.107.191.86 - - [30/Jul/2010:08:00:23 -0700] "GET /tmp/sess_00636f9e0a45fb06d531dc16fa934d2d HTTP/1.1" 403 - "-" "CCBot/1.0 (+http://www.commoncrawl.org/bot.html)" "www.transmyth.com"
38.107.191.87 - - [30/Jul/2010:08:00:28 -0700] "GET /blog/?p=93 HTTP/1.1" 200 28341 "-" "CCBot/1.0 (+http://www.commoncrawl.org/bot.html)" "www.transmyth.com"