64.4.12.200 - - [29/Jul/2010:23:05:07 -0700] "GET /blog/?feed=rss2 HTTP/1.1" 304 0 "-" "WLA Syndication Platform (Feed Crawler/1.0)" "www.transmyth.com"
74.118.192.148 - - [29/Jul/2010:23:06:12 -0700] "GET /afritechnology/index.php HTTP/1.0" 404 - "http://www.transmyth.com/afritechnology/index.php" "Mozilla/4.0 (compatible; MSIE 6.0; MSIE 5.5; Windows NT 4.0) Opera 7.0 [en]" "www.transmyth.com"
74.118.192.148 - - [29/Jul/2010:23:06:14 -0700] "GET / HTTP/1.0" 200 674 "http://www.transmyth.com/" "Mozilla/4.0 (compatible; MSIE 6.0; MSIE 5.5; Windows NT 4.0) Opera 7.0 [en]" "www.transmyth.com"
207.46.13.40 - - [29/Jul/2010:23:06:37 -0700] "GET /robots.txt HTTP/1.1" 404 - "-" "msnbot/2.0b (+http://search.msn.com/msnbot.htm)" "www.transmyth.com"
67.195.112.151 - - [29/Jul/2010:23:09:56 -0700] "GET /blog/?p=163 HTTP/1.0" 500 358 "-" "Mozilla/5.0 (compatible; Yahoo! Slurp/3.0; http://help.yahoo.com/help/us/ysearch/slurp)" "www.transmyth.com"
72.14.199.200 - - [29/Jul/2010:23:10:59 -0700] "GET /howdymba/?feed=rss2 HTTP/1.1" 302 5 "-" "Feedfetcher-Google; (+http://www.google.com/feedfetcher.html; 4 subscribers; feed-id=17591258290571388912)" "transmyth.com"
207.46.13.40 - - [29/Jul/2010:23:13:31 -0700] "GET /blog/ HTTP/1.1" 200 103877 "-" "msnbot/2.0b (+http://search.msn.com/msnbot.htm)" "www.transmyth.com"
72.14.199.154 - - [29/Jul/2010:23:15:05 -0700] "GET /howdymba/?feed=rss2 HTTP/1.1" 304 0 "-" "Feedfetcher-Google; (+http://www.google.com/feedfetcher.html; 4 subscribers; feed-id=17591258290571388912)" "www.transmyth.com"
72.14.199.154 - - [29/Jul/2010:23:15:07 -0700] "GET /blog/?feed=rss2 HTTP/1.1" 304 0 "-" "Feedfetcher-Google; (+http://www.google.com/feedfetcher.html; 10 subscribers; feed-id=18296241740392809178)" "www.transmyth.com"
193.47.80.50 - - [29/Jul/2010:23:17:55 -0700] "GET /afritechnology/viewtopic.php?f=5&t=3038 HTTP/1.1" 404 - "-" "Mozilla/5.0 (compatible; Exabot/3.0; +http://www.exabot.com/go/robot)" "transmyth.com"
67.28.112.177 - - [29/Jul/2010:23:20:07 -0700] "POST /blog/wp-cron.php?doing_wp_cron HTTP/1.0" 200 0 "-" "WordPress/3.0; http://www.transmyth.com/blog" "www.transmyth.com"
64.4.12.200 - - [29/Jul/2010:23:20:08 -0700] "GET /blog/?feed=rss2 HTTP/1.1" 304 0 "-" "WLA Syndication Platform (Feed Crawler/1.0)" "www.transmyth.com"
72.14.199.200 - - [29/Jul/2010:23:21:11 -0700] "GET /blog/feed/ HTTP/1.1" 404 - "-" "Feedfetcher-Google; (+http://www.google.com/feedfetcher.html; 4 subscribers; feed-id=4947928636039393859)" "transmyth.com"
89.178.180.184 - - [29/Jul/2010:23:21:44 -0700] "GET /afritechnology/index.php HTTP/1.0" 404 - "http://transmyth.com/afritechnology/index.php" "Mozilla/4.0 (compatible; MSIE 6.0; Windows NT 5.1; Crazy Browser 1.0.5)" "transmyth.com"
89.178.180.184 - - [29/Jul/2010:23:21:45 -0700] "GET / HTTP/1.0" 200 674 "http://transmyth.com/" "Mozilla/4.0 (compatible; MSIE 6.0; Windows NT 5.1; Crazy Browser 1.0.5)" "transmyth.com"
98.158.20.229 - - [29/Jul/2010:23:23:17 -0700] "GET /blog/ HTTP/1.1" 200 104000 "-" "Mozilla/5.0 (Macintosh; U; PPC Mac OS X; en-us) AppleWebKit/64 (KHTML, like Gecko) Safari/64" "www.transmyth.com"
98.158.20.229 - - [29/Jul/2010:23:23:19 -0700] "GET /blog/?feed=rss2 HTTP/1.1" 304 0 "-" "Mozilla/5.0 (Macintosh; U; PPC Mac OS X; en-us) AppleWebKit/64 (KHTML, like Gecko) Safari/64" "www.transmyth.com"
77.88.25.27 - - [29/Jul/2010:23:24:21 -0700] "GET /blog/?p=474 HTTP/1.1" 200 39554 "-" "Mozilla/5.0 (compatible; YandexBot/3.0; +http://yandex.com/bots)" "www.transmyth.com"
64.94.66.97 - - [29/Jul/2010:23:33:10 -0700] "GET /blog/?feed=rss2 HTTP/1.0" 200 79464 "-" "Moreoverbot/5.1 (+http://w.moreover.com; webmaster@moreover.com) Mozilla/5.0" "www.transmyth.com"
77.88.25.27 - - [29/Jul/2010:23:34:07 -0700] "GET /blog/?p=366 HTTP/1.1" 200 29213 "-" "Mozilla/5.0 (compatible; YandexBot/3.0; +http://yandex.com/bots)" "www.transmyth.com"
64.4.12.200 - - [29/Jul/2010:23:35:05 -0700] "GET /blog/?feed=rss2 HTTP/1.1" 304 0 "-" "WLA Syndication Platform (Feed Crawler/1.0)" "www.transmyth.com"
67.28.112.169 - - [29/Jul/2010:23:50:10 -0700] "POST /blog/wp-cron.php?doing_wp_cron HTTP/1.0" 200 0 "-" "WordPress/3.0; http://www.transmyth.com/blog" "www.transmyth.com"
64.4.12.200 - - [29/Jul/2010:23:50:10 -0700] "GET /blog/?feed=rss2 HTTP/1.1" 304 0 "-" "WLA Syndication Platform (Feed Crawler/1.0)" "www.transmyth.com"
66.249.65.242 - - [29/Jul/2010:23:53:12 -0700] "GET /blog/wp-content/uploads/2009/09/sxsw1_thumb.jpg HTTP/1.1" 200 31372 "-" "Googlebot-Image/1.0" "www.transmyth.com"
67.195.112.151 - - [29/Jul/2010:23:53:43 -0700] "GET /blog/?tag=tweetscan HTTP/1.0" 200 30637 "-" "Mozilla/5.0 (compatible; Yahoo! Slurp/3.0; http://help.yahoo.com/help/us/ysearch/slurp)" "www.transmyth.com"
94.233.11.40 - - [29/Jul/2010:23:56:08 -0700] "GET /afritechnology/index.php HTTP/1.0" 404 - "http://transmyth.com/afritechnology/index.php" "Mozilla/4.0 (compatible; MSIE 6.0; Windows 98; Win 9x 4.90)" "transmyth.com"
72.14.199.200 - - [29/Jul/2010:23:58:46 -0700] "GET /blog/feed/atom/ HTTP/1.1" 404 - "-" "Feedfetcher-Google; (+http://www.google.com/feedfetcher.html; 4 subscribers; feed-id=13423008202216737158)" "transmyth.com"
207.46.13.137 - - [29/Jul/2010:23:59:23 -0700] "GET /blog/ HTTP/1.0" 200 103842 "-" "msnbot/2.0b (+http://search.msn.com/msnbot.htm)" "www.transmyth.com"
64.4.12.200 - - [30/Jul/2010:00:05:08 -0700] "GET /blog/?feed=rss2 HTTP/1.1" 304 0 "-" "WLA Syndication Platform (Feed Crawler/1.0)" "www.transmyth.com"
220.181.94.233 - - [30/Jul/2010:00:05:57 -0700] "GET /robots.txt HTTP/1.1" 404 - "-" "-" "transmyth.com"
77.88.25.27 - - [30/Jul/2010:00:06:04 -0700] "GET /blog/?p=60 HTTP/1.1" 200 26016 "-" "Mozilla/5.0 (compatible; YandexBot/3.0; +http://yandex.com/bots)" "www.transmyth.com"
220.181.94.233 - - [30/Jul/2010:00:06:07 -0700] "GET /afritechnology/viewtopic.php?f=4&t=11633 HTTP/1.1" 404 - "-" "Sogou web spider/4.0(+http://www.sogou.com/docs/help/webmasters.htm#07)" "transmyth.com"
72.14.199.154 - - [30/Jul/2010:00:06:22 -0700] "GET /howdymba/?feed=rss2 HTTP/1.1" 304 0 "-" "Feedfetcher-Google; (+http://www.google.com/feedfetcher.html; 1 subscribers; feed-id=3368068058942412082)" "www.transmyth.com"
72.14.199.154 - - [30/Jul/2010:00:07:58 -0700] "GET /blog/?feed=rss2 HTTP/1.1" 304 0 "-" "Feedfetcher-Google; (+http://www.google.com/feedfetcher.html; 10 subscribers; feed-id=18296241740392809178)" "www.transmyth.com"
67.28.112.176 - - [30/Jul/2010:00:08:27 -0700] "POST /blog/wp-cron.php?doing_wp_cron HTTP/1.0" 200 0 "-" "WordPress/3.0; http://www.transmyth.com/blog" "www.transmyth.com"
67.195.112.151 - - [30/Jul/2010:00:08:28 -0700] "GET /blog/?m=20080212 HTTP/1.0" 200 24998 "-" "Mozilla/5.0 (compatible; Yahoo! Slurp/3.0; http://help.yahoo.com/help/us/ysearch/slurp)" "www.transmyth.com"
72.14.199.200 - - [30/Jul/2010:00:17:21 -0700] "GET /howdymba/?feed=rss2 HTTP/1.1" 302 5 "-" "Feedfetcher-Google; (+http://www.google.com/feedfetcher.html; 4 subscribers; feed-id=17591258290571388912)" "transmyth.com"
72.14.199.154 - - [30/Jul/2010:00:17:22 -0700] "GET /howdymba/?feed=rss2 HTTP/1.1" 304 0 "-" "Feedfetcher-Google; (+http://www.google.com/feedfetcher.html; 4 subscribers; feed-id=17591258290571388912)" "www.transmyth.com"
64.4.12.200 - - [30/Jul/2010:00:20:10 -0700] "GET /blog/?feed=rss2 HTTP/1.1" 304 0 "-" "WLA Syndication Platform (Feed Crawler/1.0)" "www.transmyth.com"
72.14.199.200 - - [30/Jul/2010:00:21:37 -0700] "GET /blog/feed/ HTTP/1.1" 404 - "-" "Feedfetcher-Google; (+http://www.google.com/feedfetcher.html; 4 subscribers; feed-id=4947928636039393859)" "transmyth.com"
64.13.232.32 - - [30/Jul/2010:00:24:08 -0700] "GET /howdymba/?feed=rss2 HTTP/1.0" 302 0 "-" "-" "transmyth.com"
64.13.232.32 - - [30/Jul/2010:00:24:11 -0700] "GET /howdymba/?feed=rss2 HTTP/1.0" 200 40470 "-" "-" "www.transmyth.com"
67.195.113.215 - - [30/Jul/2010:00:26:01 -0700] "GET /tmp/ HTTP/1.0" 200 33136 "-" "Mozilla/5.0 (compatible; Yahoo! Slurp/3.0; http://help.yahoo.com/help/us/ysearch/slurp)" "transmyth.com"
72.14.199.154 - - [30/Jul/2010:00:34:47 -0700] "GET /anjuansimmons/?feed=rss2 HTTP/1.1" 200 540 "-" "Feedfetcher-Google; (+http://www.google.com/feedfetcher.html; 1 subscribers; feed-id=8396240300999655827)" "www.transmyth.com"
109.109.254.138 - - [30/Jul/2010:00:35:02 -0700] "GET /blog/?feed=atom HTTP/1.1" 304 0 "-" "IScraperBot/0.1 Mozilla/5.0" "www.transmyth.com"
64.4.12.200 - - [30/Jul/2010:00:35:05 -0700] "GET /blog/?feed=rss2 HTTP/1.1" 304 0 "-" "WLA Syndication Platform (Feed Crawler/1.0)" "www.transmyth.com"
67.195.112.151 - - [30/Jul/2010:00:36:18 -0700] "GET /blog/?feed=rss2&p=113 HTTP/1.0" 200 3572 "-" "Mozilla/5.0 (compatible; Yahoo! Slurp/3.0; http://help.yahoo.com/help/us/ysearch/slurp)" "www.transmyth.com"
60.217.232.40 - - [30/Jul/2010:00:37:45 -0700] "GET /blog/?p=628 HTTP/1.1" 200 40329 "http://www.transmyth.com/blog/?p=628" "Mozilla/4.0 (compatible; MSIE 6.0; Windows NT 5.1; SV1; YPC 3.0.2; .NET CLR 1.1.4322; yplus 4.4.02b)" "www.transmyth.com"
72.14.199.200 - - [30/Jul/2010:00:39:31 -0700] "GET /howdymba/?feed=rss2 HTTP/1.1" 302 5 "-" "Feedfetcher-Google; (+http://www.google.com/feedfetcher.html; 4 subscribers; feed-id=17591258290571388912)" "transmyth.com"
72.14.199.154 - - [30/Jul/2010:00:39:32 -0700] "GET /howdymba/?feed=rss2 HTTP/1.1" 304 0 "-" "Feedfetcher-Google; (+http://www.google.com/feedfetcher.html; 4 subscribers; feed-id=17591258290571388912)" "www.transmyth.com"
77.88.25.27 - - [30/Jul/2010:00:40:04 -0700] "GET /howdymba/?p=14 HTTP/1.1" 200 14841 "-" "Mozilla/5.0 (compatible; YandexBot/3.0; +http://yandex.com/bots)" "www.transmyth.com"
67.28.112.175 - - [30/Jul/2010:00:45:22 -0700] "POST /blog/wp-cron.php?doing_wp_cron HTTP/1.0" 200 0 "-" "WordPress/3.0; http://www.transmyth.com/blog" "www.transmyth.com"
77.88.25.27 - - [30/Jul/2010:00:45:22 -0700] "GET /blog/?p=77 HTTP/1.1" 200 45511 "-" "Mozilla/5.0 (compatible; YandexBot/3.0; +http://yandex.com/bots)" "www.transmyth.com"
67.195.112.151 - - [30/Jul/2010:00:48:00 -0700] "GET /phpbb/ HTTP/1.0" 200 642 "-" "Mozilla/5.0 (compatible; Yahoo! Slurp/3.0; http://help.yahoo.com/help/us/ysearch/slurp)" "www.transmyth.com"
64.4.12.200 - - [30/Jul/2010:00:50:05 -0700] "GET /blog/?feed=rss2 HTTP/1.1" 304 0 "-" "WLA Syndication Platform (Feed Crawler/1.0)" "www.transmyth.com"
72.14.199.200 - - [30/Jul/2010:00:58:49 -0700] "GET /blog/feed/atom/ HTTP/1.1" 404 - "-" "Feedfetcher-Google; (+http://www.google.com/feedfetcher.html; 4 subscribers; feed-id=13423008202216737158)" "transmyth.com"
58.61.164.139 - - [30/Jul/2010:00:59:20 -0700] "GET / HTTP/1.1" 200 674 "-" "Mozilla/4.0 (compatible; MSIE 6.0; Windows NT 5.1)" "www.transmyth.com"
72.14.199.154 - - [30/Jul/2010:01:02:49 -0700] "GET /blog/?feed=rss2 HTTP/1.1" 304 0 "-" "Feedfetcher-Google; (+http://www.google.com/feedfetcher.html; 10 subscribers; feed-id=18296241740392809178)" "www.transmyth.com"
64.4.12.200 - - [30/Jul/2010:01:05:09 -0700] "GET /blog/?feed=rss2 HTTP/1.1" 304 0 "-" "WLA Syndication Platform (Feed Crawler/1.0)" "www.transmyth.com"
67.28.112.175 - - [30/Jul/2010:01:05:09 -0700] "POST /blog/wp-cron.php?doing_wp_cron HTTP/1.0" 200 0 "-" "WordPress/3.0; http://www.transmyth.com/blog" "www.transmyth.com"
72.14.199.200 - - [30/Jul/2010:01:08:41 -0700] "GET /howdymba/?feed=rss2 HTTP/1.1" 302 5 "-" "Feedfetcher-Google; (+http://www.google.com/feedfetcher.html; 4 subscribers; feed-id=17591258290571388912)" "transmyth.com"
72.14.199.154 - - [30/Jul/2010:01:08:42 -0700] "GET /howdymba/?feed=rss2 HTTP/1.1" 304 0 "-" "Feedfetcher-Google; (+http://www.google.com/feedfetcher.html; 4 subscribers; feed-id=17591258290571388912)" "www.transmyth.com"
67.195.112.151 - - [30/Jul/2010:01:09:49 -0700] "GET /blog/?p=29 HTTP/1.0" 200 28682 "-" "Mozilla/5.0 (compatible; Yahoo! Slurp/3.0; http://help.yahoo.com/help/us/ysearch/slurp)" "www.transmyth.com"
67.195.112.151 - - [30/Jul/2010:01:09:50 -0700] "GET /blog/wp-content/themes/lightword/style.css?1276805253 HTTP/1.0" 304 - "http://www.transmyth.com/blog/?p=29" "Mozilla/5.0 (compatible; Yahoo! Slurp/3.0; http://help.yahoo.com/help/us/ysearch/slurp)" "www.transmyth.com"
67.195.112.151 - - [30/Jul/2010:01:09:51 -0700] "GET /blog/wp-content/themes/lightword/original.css HTTP/1.0" 200 693 "http://www.transmyth.com/blog/?p=29" "Mozilla/5.0 (compatible; Yahoo! Slurp/3.0; http://help.yahoo.com/help/us/ysearch/slurp)" "www.transmyth.com"
67.195.112.151 - - [30/Jul/2010:01:09:56 -0700] "GET /blog/index.php?ak_action=aktt_css HTTP/1.0" 200 394 "http://www.transmyth.com/blog/?p=29" "Mozilla/5.0 (compatible; Yahoo! Slurp/3.0; http://help.yahoo.com/help/us/ysearch/slurp)" "www.transmyth.com"
75.119.225.226 - - [30/Jul/2010:01:11:18 -0700] "GET /blog/?p=39 HTTP/1.1" 200 37210 "http://ca.search.yahoo.com/search;_ylt=A0oG75w0hlJM6wIBJlPrFAx.?p=nigger+maid&rd=r1&fr=yfp-t-715&fr2=sb-top&xargs=0&pstart=1&b=51" "Mozilla/4.0 (compatible; MSIE 7.0; Windows NT 5.1; Trident/4.0; .NET CLR 1.1.4322)" "www.transmyth.com"
75.119.225.226 - - [30/Jul/2010:01:11:18 -0700] "GET /blog/wp-content/themes/lightword/original.css HTTP/1.1" 200 693 "http://www.transmyth.com/blog/?p=39" "Mozilla/4.0 (compatible; MSIE 8.0; Windows NT 5.1; Trident/4.0; .NET CLR 1.1.4322)" "www.transmyth.com"
75.119.225.226 - - [30/Jul/2010:01:11:18 -0700] "GET /blog/wp-content/themes/lightword/style.css?1276805253 HTTP/1.1" 200 14633 "http://www.transmyth.com/blog/?p=39" "Mozilla/4.0 (compatible; MSIE 8.0; Windows NT 5.1; Trident/4.0; .NET CLR 1.1.4322)" "www.transmyth.com"
75.119.225.226 - - [30/Jul/2010:01:11:18 -0700] "GET /blog/wp-includes/js/jquery/jquery.js?ver=1.4.2 HTTP/1.1" 200 72194 "http://www.transmyth.com/blog/?p=39" "Mozilla/4.0 (compatible; MSIE 8.0; Windows NT 5.1; Trident/4.0; .NET CLR 1.1.4322)" "www.transmyth.com"
75.119.225.226 - - [30/Jul/2010:01:11:19 -0700] "GET /blog/wp-includes/js/comment-reply.js?ver=20090102 HTTP/1.1" 200 786 "http://www.transmyth.com/blog/?p=39" "Mozilla/4.0 (compatible; MSIE 8.0; Windows NT 5.1; Trident/4.0; .NET CLR 1.1.4322)" "www.transmyth.com"
75.119.225.226 - - [30/Jul/2010:01:11:20 -0700] "GET /blog/index.php?ak_action=aktt_js HTTP/1.1" 200 5 "http://www.transmyth.com/blog/?p=39" "Mozilla/4.0 (compatible; MSIE 8.0; Windows NT 5.1; Trident/4.0; .NET CLR 1.1.4322)" "www.transmyth.com"
75.119.225.226 - - [30/Jul/2010:01:11:20 -0700] "GET /blog/wp-content/themes/lightword/js/cufon.js HTTP/1.1" 200 18691 "http://www.transmyth.com/blog/?p=39" "Mozilla/4.0 (compatible; MSIE 8.0; Windows NT 5.1; Trident/4.0; .NET CLR 1.1.4322)" "www.transmyth.com"
75.119.225.226 - - [30/Jul/2010:01:11:20 -0700] "GET /blog/index.php?ak_action=aktt_css HTTP/1.1" 200 410 "http://www.transmyth.com/blog/?p=39" "Mozilla/4.0 (compatible; MSIE 8.0; Windows NT 5.1; Trident/4.0; .NET CLR 1.1.4322)" "www.transmyth.com"
75.119.225.226 - - [30/Jul/2010:01:11:20 -0700] "GET /blog/wp-content/themes/lightword/js/mp.font.js HTTP/1.1" 200 29812 "http://www.transmyth.com/blog/?p=39" "Mozilla/4.0 (compatible; MSIE 8.0; Windows NT 5.1; Trident/4.0; .NET CLR 1.1.4322)" "www.transmyth.com"
75.119.225.226 - - [30/Jul/2010:01:11:21 -0700] "GET /blog/wp-content/themes/lightword/js/menu.js HTTP/1.1" 200 517 "http://www.transmyth.com/blog/?p=39" "Mozilla/4.0 (compatible; MSIE 8.0; Windows NT 5.1; Trident/4.0; .NET CLR 1.1.4322)" "www.transmyth.com"
75.119.225.226 - - [30/Jul/2010:01:11:21 -0700] "GET /blog/wp-content/themes/lightword/js/tabs.js HTTP/1.1" 200 925 "http://www.transmyth.com/blog/?p=39" "Mozilla/4.0 (compatible; MSIE 8.0; Windows NT 5.1; Trident/4.0; .NET CLR 1.1.4322)" "www.transmyth.com"
75.119.225.226 - - [30/Jul/2010:01:11:22 -0700] "GET /blog/favicon.ico HTTP/1.1" 404 - "-" "Mozilla/4.0 (compatible; MSIE 8.0; Windows NT 5.1; Trident/4.0; .NET CLR 1.1.4322)" "www.transmyth.com"
77.88.25.27 - - [30/Jul/2010:01:16:05 -0700] "GET /tmp/sess_c811d0c5203dfea29e599f181ee7ffb9 HTTP/1.1" 403 - "-" "Mozilla/5.0 (compatible; YandexBot/3.0; +http://yandex.com/bots)" "www.transmyth.com"
75.101.186.119 - - [30/Jul/2010:01:18:34 -0700] "GET /robots.txt HTTP/1.1" 404 - "-" "Mozilla/5.0 (compatible; spbot/2.0.4; +http://www.seoprofiler.com/bot )" "transmyth.com"
75.101.186.119 - - [30/Jul/2010:01:18:34 -0700] "GET /blog/2007/11/26/tech-news-round-up-digg-xp-sp3-cell-phone-tracking-zoho-writer/ HTTP/1.1" 404 - "-" "Mozilla/5.0 (compatible; spbot/2.0.4; +http://www.seoprofiler.com/bot )" "transmyth.com"
174.129.139.3 - - [30/Jul/2010:01:19:39 -0700] "GET /blog/?p=690 HTTP/1.1" 200 25781 "-" "PostRank/2.0 (postrank.com; 1 subscribers)" "www.transmyth.com"
64.4.12.200 - - [30/Jul/2010:01:20:08 -0700] "GET /blog/?feed=rss2 HTTP/1.1" 304 0 "-" "WLA Syndication Platform (Feed Crawler/1.0)" "www.transmyth.com"
67.28.112.176 - - [30/Jul/2010:01:20:08 -0700] "POST /blog/wp-cron.php?doing_wp_cron HTTP/1.0" 200 0 "-" "WordPress/3.0; http://www.transmyth.com/blog" "www.transmyth.com"
72.14.199.200 - - [30/Jul/2010:01:21:44 -0700] "GET /blog/feed/ HTTP/1.1" 404 - "-" "Feedfetcher-Google; (+http://www.google.com/feedfetcher.html; 4 subscribers; feed-id=4947928636039393859)" "transmyth.com"
77.88.25.27 - - [30/Jul/2010:01:26:12 -0700] "GET /blog/?p=628&cpage=1 HTTP/1.1" 200 40207 "-" "Mozilla/5.0 (compatible; YandexBot/3.0; +http://yandex.com/bots)" "www.transmyth.com"
67.28.112.175 - - [30/Jul/2010:01:26:13 -0700] "POST /blog/wp-cron.php?doing_wp_cron HTTP/1.0" 200 0 "-" "WordPress/3.0; http://www.transmyth.com/blog" "www.transmyth.com"
64.4.12.200 - - [30/Jul/2010:01:35:10 -0700] "GET /blog/?feed=rss2 HTTP/1.1" 304 0 "-" "WLA Syndication Platform (Feed Crawler/1.0)" "www.transmyth.com"
67.195.112.151 - - [30/Jul/2010:01:37:56 -0700] "GET /blog/?p=529 HTTP/1.0" 200 40105 "-" "Mozilla/5.0 (compatible; Yahoo! Slurp/3.0; http://help.yahoo.com/help/us/ysearch/slurp)" "www.transmyth.com"
72.14.199.200 - - [30/Jul/2010:01:38:33 -0700] "GET /howdymba/?feed=rss2 HTTP/1.1" 302 5 "-" "Feedfetcher-Google; (+http://www.google.com/feedfetcher.html; 4 subscribers; feed-id=17591258290571388912)" "transmyth.com"
72.14.199.154 - - [30/Jul/2010:01:38:39 -0700] "GET /howdymba/?feed=rss2 HTTP/1.1" 304 0 "-" "Feedfetcher-Google; (+http://www.google.com/feedfetcher.html; 4 subscribers; feed-id=17591258290571388912)" "www.transmyth.com"
77.88.25.27 - - [30/Jul/2010:01:40:52 -0700] "GET /blog/?p=68 HTTP/1.1" 200 29741 "-" "Mozilla/5.0 (compatible; YandexBot/3.0; +http://yandex.com/bots)" "www.transmyth.com"
64.4.12.200 - - [30/Jul/2010:01:50:08 -0700] "GET /blog/?feed=rss2 HTTP/1.1" 304 0 "-" "WLA Syndication Platform (Feed Crawler/1.0)" "www.transmyth.com"
184.73.91.99 - - [30/Jul/2010:01:55:17 -0700] "GET /robots.txt HTTP/1.1" 404 - "-" "Mozilla/5.0 (compatible; spbot/2.0.4; +http://www.seoprofiler.com/bot )" "transmyth.com"
184.73.91.99 - - [30/Jul/2010:01:55:18 -0700] "GET / HTTP/1.1" 200 674 "-" "Mozilla/5.0 (compatible; spbot/2.0.4; +http://www.seoprofiler.com/bot )" "transmyth.com"
95.108.151.5 - - [30/Jul/2010:01:55:57 -0700] "GET /robots.txt HTTP/1.1" 404 - "-" "Mozilla/5.0 (compatible; YandexMedia/3.0; +http://yandex.com/bots)" "www.transmyth.com"
72.14.199.200 - - [30/Jul/2010:01:59:00 -0700] "GET /blog/feed/atom/ HTTP/1.1" 404 - "-" "Feedfetcher-Google; (+http://www.google.com/feedfetcher.html; 4 subscribers; feed-id=13423008202216737158)" "transmyth.com"
72.14.199.200 - - [30/Jul/2010:01:59:32 -0700] "GET /CNP/?feed=rss2 HTTP/1.1" 200 520 "-" "Feedfetcher-Google; (+http://www.google.com/feedfetcher.html; 1 subscribers; feed-id=9947429628907536603)" "transmyth.com"
95.108.151.5 - - [30/Jul/2010:02:03:28 -0700] "GET /blog/?feed=rss2&p=529 HTTP/1.1" 200 6857 "-" "Mozilla/5.0 (compatible; YandexMedia/3.0; +http://yandex.com/bots)" "www.transmyth.com"
72.14.199.154 - - [30/Jul/2010:02:04:25 -0700] "GET /blog/?feed=rss2 HTTP/1.1" 304 0 "-" "Feedfetcher-Google; (+http://www.google.com/feedfetcher.html; 10 subscribers; feed-id=18296241740392809178)" "www.transmyth.com"
64.4.12.200 - - [30/Jul/2010:02:05:05 -0700] "GET /blog/?feed=rss2 HTTP/1.1" 304 0 "-" "WLA Syndication Platform (Feed Crawler/1.0)" "www.transmyth.com"
67.28.112.175 - - [30/Jul/2010:02:05:05 -0700] "POST /blog/wp-cron.php?doing_wp_cron HTTP/1.0" 200 0 "-" "WordPress/3.0; http://www.transmyth.com/blog" "www.transmyth.com"
77.88.25.27 - - [30/Jul/2010:02:05:34 -0700] "GET /blog/?p=35 HTTP/1.1" 200 27789 "-" "Mozilla/5.0 (compatible; YandexBot/3.0; +http://yandex.com/bots)" "www.transmyth.com"
95.108.151.5 - - [30/Jul/2010:02:09:29 -0700] "GET /blog/?m=20100609 HTTP/1.1" 200 28669 "-" "Mozilla/5.0 (compatible; YandexMedia/3.0; +http://yandex.com/bots)" "www.transmyth.com"
61.135.249.207 - - [30/Jul/2010:02:10:31 -0700] "GET /robots.txt HTTP/1.1" 404 - "-" "Mozilla/5.0 (compatible; YoudaoBot/1.0; http://www.youdao.com/help/webmaster/spider/; )" "transmyth.com"
61.135.249.207 - - [30/Jul/2010:02:10:32 -0700] "GET /afritechnology/viewtopic.php?f=5&t=4319 HTTP/1.1" 404 - "-" "Mozilla/5.0 (compatible; YoudaoBot/1.0; http://www.youdao.com/help/webmaster/spider/; )" "transmyth.com"
61.135.249.207 - - [30/Jul/2010:02:11:28 -0700] "GET /afritechnology/viewtopic.php?f=4&t=9320 HTTP/1.1" 404 - "-" "Mozilla/5.0 (compatible; YoudaoBot/1.0; http://www.youdao.com/help/webmaster/spider/; )" "transmyth.com"
61.135.249.207 - - [30/Jul/2010:02:12:23 -0700] "GET /afritechnology/viewtopic.php?f=4&t=7594 HTTP/1.1" 404 - "-" "Mozilla/5.0 (compatible; YoudaoBot/1.0; http://www.youdao.com/help/webmaster/spider/; )" "transmyth.com"
61.135.249.207 - - [30/Jul/2010:02:13:16 -0700] "GET /afritechnology/viewtopic.php?f=6&t=5520 HTTP/1.1" 404 - "-" "Mozilla/5.0 (compatible; YoudaoBot/1.0; http://www.youdao.com/help/webmaster/spider/; )" "transmyth.com"
72.14.199.200 - - [30/Jul/2010:02:17:13 -0700] "GET /howdymba/?feed=rss2 HTTP/1.1" 302 5 "-" "Feedfetcher-Google; (+http://www.google.com/feedfetcher.html; 4 subscribers; feed-id=17591258290571388912)" "transmyth.com"
67.28.112.169 - - [30/Jul/2010:02:17:13 -0700] "POST /howdymba/wp-cron.php?doing_wp_cron HTTP/1.0" 200 0 "-" "WordPress/2.8.4; http://www.transmyth.com/howdymba" "www.transmyth.com"
72.14.199.154 - - [30/Jul/2010:02:17:38 -0700] "GET /howdymba/?feed=rss2 HTTP/1.1" 304 0 "-" "Feedfetcher-Google; (+http://www.google.com/feedfetcher.html; 4 subscribers; feed-id=17591258290571388912)" "www.transmyth.com"
64.4.12.200 - - [30/Jul/2010:02:20:08 -0700] "GET /blog/?feed=rss2 HTTP/1.1" 304 0 "-" "WLA Syndication Platform (Feed Crawler/1.0)" "www.transmyth.com"
64.237.119.18 - - [30/Jul/2010:02:22:22 -0700] "GET /blog/?feed=rss2&p=690 HTTP/1.1" 304 0 "-" "BoardReader/1.0 (http://boardreader.com/info/robots.htm)-CommentCrawler5" "www.transmyth.com"
72.14.199.200 - - [30/Jul/2010:02:22:40 -0700] "GET /blog/feed/ HTTP/1.1" 404 - "-" "Feedfetcher-Google; (+http://www.google.com/feedfetcher.html; 4 subscribers; feed-id=4947928636039393859)" "transmyth.com"
64.13.232.32 - - [30/Jul/2010:02:25:44 -0700] "GET /howdymba/?feed=rss2 HTTP/1.0" 302 0 "-" "-" "transmyth.com"
64.13.232.32 - - [30/Jul/2010:02:25:46 -0700] "GET /howdymba/?feed=rss2 HTTP/1.0" 200 40470 "-" "-" "www.transmyth.com"
67.195.112.151 - - [30/Jul/2010:02:26:18 -0700] "GET /backup/Pictures/?S=A HTTP/1.0" 200 3862 "-" "Mozilla/5.0 (compatible; Yahoo! Slurp/3.0; http://help.yahoo.com/help/us/ysearch/slurp)" "www.transmyth.com"
67.195.113.215 - - [30/Jul/2010:02:31:50 -0700] "GET /phpbb/cache/ HTTP/1.0" 200 526 "-" "Mozilla/5.0 (compatible; Yahoo! Slurp/3.0; http://help.yahoo.com/help/us/ysearch/slurp)" "transmyth.com"
64.4.12.200 - - [30/Jul/2010:02:35:08 -0700] "GET /blog/?feed=rss2 HTTP/1.1" 304 0 "-" "WLA Syndication Platform (Feed Crawler/1.0)" "www.transmyth.com"
77.88.25.27 - - [30/Jul/2010:02:38:27 -0700] "GET /tmp/sess_7967b85eb711ac8524b5ce1888c92615 HTTP/1.1" 403 - "-" "Mozilla/5.0 (compatible; YandexBot/3.0; +http://yandex.com/bots)" "www.transmyth.com"
211.43.152.50 - - [30/Jul/2010:02:38:39 -0700] "GET /blog/?feed=rss2 HTTP/1.1" 200 79622 "-" "Mozilla/5.0 Firefox/3.0.5" "www.transmyth.com"
72.14.199.200 - - [30/Jul/2010:02:40:46 -0700] "GET /howdymba/?feed=rss2 HTTP/1.1" 302 5 "-" "Feedfetcher-Google; (+http://www.google.com/feedfetcher.html; 4 subscribers; feed-id=17591258290571388912)" "transmyth.com"
72.14.199.154 - - [30/Jul/2010:02:40:51 -0700] "GET /howdymba/?feed=rss2 HTTP/1.1" 304 0 "-" "Feedfetcher-Google; (+http://www.google.com/feedfetcher.html; 4 subscribers; feed-id=17591258290571388912)" "www.transmyth.com"
67.28.112.175 - - [30/Jul/2010:02:42:05 -0700] "POST /blog/wp-cron.php?doing_wp_cron HTTP/1.0" 200 0 "-" "WordPress/3.0; http://www.transmyth.com/blog" "www.transmyth.com"
64.94.66.97 - - [30/Jul/2010:02:47:30 -0700] "GET /blog/?feed=rss2 HTTP/1.0" 200 79587 "-" "Moreoverbot/5.1 (+http://w.moreover.com; webmaster@moreover.com) Mozilla/5.0" "www.transmyth.com"
64.4.12.200 - - [30/Jul/2010:02:50:04 -0700] "GET /blog/?feed=rss2 HTTP/1.1" 200 79622 "-" "WLA Syndication Platform (Feed Crawler/1.0)" "www.transmyth.com"
72.14.199.154 - - [30/Jul/2010:02:58:59 -0700] "GET /blog/?feed=rss2 HTTP/1.1" 200 79622 "-" "Feedfetcher-Google; (+http://www.google.com/feedfetcher.html; 10 subscribers; feed-id=18296241740392809178)" "www.transmyth.com"
72.14.199.200 - - [30/Jul/2010:02:59:09 -0700] "GET /blog/feed/atom/ HTTP/1.1" 404 - "-" "Feedfetcher-Google; (+http://www.google.com/feedfetcher.html; 4 subscribers; feed-id=13423008202216737158)" "transmyth.com"
64.4.12.200 - - [30/Jul/2010:03:05:05 -0700] "GET /blog/?feed=rss2 HTTP/1.1" 200 79622 "-" "WLA Syndication Platform (Feed Crawler/1.0)" "www.transmyth.com"
67.195.113.215 - - [30/Jul/2010:03:05:40 -0700] "GET /robots.txt HTTP/1.0" 404 - "-" "Mozilla/5.0 (compatible; Yahoo! Slurp; http://help.yahoo.com/help/us/ysearch/slurp)" "transmyth.com"
67.195.113.215 - - [30/Jul/2010:03:05:55 -0700] "GET /afritechnology/viewtopic.php?f=4&t=7770 HTTP/1.0" 404 - "-" "Mozilla/5.0 (compatible; Yahoo! Slurp/3.0; http://help.yahoo.com/help/us/ysearch/slurp)" "transmyth.com"
77.88.25.27 - - [30/Jul/2010:03:06:53 -0700] "GET /tmp/sess_a31907ba78b532250c7133fa00b0f1f5 HTTP/1.1" 403 - "-" "Mozilla/5.0 (compatible; YandexBot/3.0; +http://yandex.com/bots)" "www.transmyth.com"
75.147.171.232 - - [30/Jul/2010:03:09:20 -0700] "GET /afritechnology/index.php HTTP/1.0" 404 - "http://www.transmyth.com/afritechnology/index.php" "Mozilla/4.0 (compatible; MSIE 6.0; Windows 98; Win 9x 4.90)" "www.transmyth.com"
72.14.199.154 - - [30/Jul/2010:03:10:13 -0700] "GET /howdymba/?feed=rss2 HTTP/1.1" 304 0 "-" "Feedfetcher-Google; (+http://www.google.com/feedfetcher.html; 1 subscribers; feed-id=3368068058942412082)" "www.transmyth.com"
58.61.164.139 - - [30/Jul/2010:03:11:39 -0700] "GET / HTTP/1.1" 200 674 "-" "Mozilla/4.0 (compatible; MSIE 6.0; Windows NT 5.1)" "www.transmyth.com"
206.196.125.114 - - [30/Jul/2010:03:13:57 -0700] "GET /howdymba/?feed=rss2 HTTP/1.1" 302 5 "-" "BlogSearch/2 +http://www.icerocket.com/" "transmyth.com"
206.196.125.114 - - [30/Jul/2010:03:13:59 -0700] "GET /howdymba/?feed=rss2 HTTP/1.1" 200 40486 "-" "BlogSearch/2 +http://www.icerocket.com/" "www.transmyth.com"
58.61.164.39 - - [30/Jul/2010:03:14:26 -0700] "GET / HTTP/1.1" 200 674 "-" "Mozilla/4.0 (compatible; MSIE 6.0; Windows NT 5.1)" "www.transmyth.com"
193.47.80.50 - - [30/Jul/2010:03:19:57 -0700] "GET /afritechnology/viewtopic.php?f=5&t=7897 HTTP/1.1" 404 - "-" "Mozilla/5.0 (compatible; Exabot/3.0; +http://www.exabot.com/go/robot)" "transmyth.com"
64.4.12.200 - - [30/Jul/2010:03:20:05 -0700] "GET /blog/?feed=rss2 HTTP/1.1" 200 79622 "-" "WLA Syndication Platform (Feed Crawler/1.0)" "www.transmyth.com"
72.14.199.200 - - [30/Jul/2010:03:20:29 -0700] "GET /howdymba/?feed=rss2 HTTP/1.1" 302 5 "-" "Feedfetcher-Google; (+http://www.google.com/feedfetcher.html; 4 subscribers; feed-id=17591258290571388912)" "transmyth.com"
72.14.199.154 - - [30/Jul/2010:03:21:00 -0700] "GET /howdymba/?feed=rss2 HTTP/1.1" 304 0 "-" "Feedfetcher-Google; (+http://www.google.com/feedfetcher.html; 4 subscribers; feed-id=17591258290571388912)" "www.transmyth.com"
72.14.199.200 - - [30/Jul/2010:03:23:33 -0700] "GET /blog/feed/ HTTP/1.1" 404 - "-" "Feedfetcher-Google; (+http://www.google.com/feedfetcher.html; 4 subscribers; feed-id=4947928636039393859)" "transmyth.com"
207.46.199.185 - - [30/Jul/2010:03:28:15 -0700] "GET /robots.txt HTTP/1.1" 404 - "-" "msnbot/2.0b (+http://search.msn.com/msnbot.htm)" "www.transmyth.com"
66.249.65.201 - - [30/Jul/2010:03:29:35 -0700] "GET /robots.txt HTTP/1.1" 404 - "-" "Mozilla/5.0 (compatible; Googlebot/2.1; +http://www.google.com/bot.html)" "www.transmyth.com"
204.236.211.159 - - [30/Jul/2010:03:30:01 -0700] "GET /logs/access_100516.log HTTP/1.1" 404 - "-" "Mozilla/4.0 (compatible; MSIE 8.0; Windows NT 5.1; Trident/4.0)" "www.transmyth.com"
58.61.164.40 - - [30/Jul/2010:03:32:01 -0700] "GET / HTTP/1.1" 200 674 "-" "Mozilla/4.0 (compatible; MSIE 6.0; Windows NT 5.1)" "www.transmyth.com"
77.88.25.27 - - [30/Jul/2010:03:33:12 -0700] "GET /howdymba/?m=20080806 HTTP/1.1" 200 14239 "-" "Mozilla/5.0 (compatible; YandexBot/3.0; +http://yandex.com/bots)" "www.transmyth.com"
72.14.199.200 - - [30/Jul/2010:03:34:32 -0700] "GET /howdymba/?feed=rss2 HTTP/1.1" 302 5 "-" "Feedfetcher-Google; (+http://www.google.com/feedfetcher.html; 4 subscribers; feed-id=17591258290571388912)" "transmyth.com"
72.14.199.154 - - [30/Jul/2010:03:34:52 -0700] "GET /howdymba/?feed=rss2 HTTP/1.1" 304 0 "-" "Feedfetcher-Google; (+http://www.google.com/feedfetcher.html; 4 subscribers; feed-id=17591258290571388912)" "www.transmyth.com"
72.14.199.154 - - [30/Jul/2010:03:34:54 -0700] "GET /anjuansimmons/?feed=rss2 HTTP/1.1" 200 540 "-" "Feedfetcher-Google; (+http://www.google.com/feedfetcher.html; 1 subscribers; feed-id=8396240300999655827)" "www.transmyth.com"
64.4.12.200 - - [30/Jul/2010:03:35:04 -0700] "GET /blog/?feed=rss2 HTTP/1.1" 200 79622 "-" "WLA Syndication Platform (Feed Crawler/1.0)" "www.transmyth.com"
66.249.65.240 - - [30/Jul/2010:03:35:53 -0700] "GET /afritechnology/viewtopic.php?f=6&t=5685&p=5922 HTTP/1.1" 404 - "-" "Mozilla/5.0 (compatible; Googlebot/2.1; +http://www.google.com/bot.html)" "transmyth.com"
67.195.112.151 - - [30/Jul/2010:03:43:25 -0700] "GET /howdymba/?p=28 HTTP/1.0" 200 14344 "-" "Mozilla/5.0 (compatible; Yahoo! Slurp/3.0; http://help.yahoo.com/help/us/ysearch/slurp)" "www.transmyth.com"
67.195.112.151 - - [30/Jul/2010:03:43:26 -0700] "GET /howdymba/wp-content/themes/sunsetidea-10/style.css HTTP/1.0" 200 9483 "http://www.transmyth.com/howdymba/?p=28" "Mozilla/5.0 (compatible; Yahoo! Slurp/3.0; http://help.yahoo.com/help/us/ysearch/slurp)" "www.transmyth.com"
206.196.125.114 - - [30/Jul/2010:03:45:47 -0700] "GET /blog/?feed=rss2 HTTP/1.1" 200 79622 "-" "BlogSearch/2 +http://www.icerocket.com/" "www.transmyth.com"
64.4.12.200 - - [30/Jul/2010:03:50:05 -0700] "GET /blog/?feed=rss2 HTTP/1.1" 200 79622 "-" "WLA Syndication Platform (Feed Crawler/1.0)" "www.transmyth.com"
193.47.80.50 - - [30/Jul/2010:03:51:51 -0700] "GET /afritechnology/viewtopic.php?f=5&t=2778 HTTP/1.1" 404 - "-" "Mozilla/5.0 (compatible; Exabot/3.0; +http://www.exabot.com/go/robot)" "transmyth.com"
72.14.199.154 - - [30/Jul/2010:03:52:35 -0700] "GET /blog/?feed=rss2 HTTP/1.1" 200 79622 "-" "Feedfetcher-Google; (+http://www.google.com/feedfetcher.html; 10 subscribers; feed-id=18296241740392809178)" "www.transmyth.com"
67.195.112.151 - - [30/Jul/2010:03:54:29 -0700] "GET /logs/access_100320.log HTTP/1.0" 404 - "-" "Mozilla/5.0 (compatible; Yahoo! Slurp/3.0; http://help.yahoo.com/help/us/ysearch/slurp)" "www.transmyth.com"
72.14.199.200 - - [30/Jul/2010:04:01:26 -0700] "GET /blog/feed/atom/ HTTP/1.1" 404 - "-" "Feedfetcher-Google; (+http://www.google.com/feedfetcher.html; 4 subscribers; feed-id=13423008202216737158)" "transmyth.com"
67.195.112.151 - - [30/Jul/2010:04:01:40 -0700] "GET /logs/access_100603.log HTTP/1.0" 404 - "-" "Mozilla/5.0 (compatible; Yahoo! Slurp/3.0; http://help.yahoo.com/help/us/ysearch/slurp)" "www.transmyth.com"
77.88.25.27 - - [30/Jul/2010:04:03:07 -0700] "GET /blog/?m=20100313 HTTP/1.1" 200 22506 "-" "Mozilla/5.0 (compatible; YandexBot/3.0; +http://yandex.com/bots)" "www.transmyth.com"
64.4.12.200 - - [30/Jul/2010:04:05:05 -0700] "GET /blog/?feed=rss2 HTTP/1.1" 200 79622 "-" "WLA Syndication Platform (Feed Crawler/1.0)" "www.transmyth.com"
67.195.112.151 - - [30/Jul/2010:04:08:57 -0700] "GET /blog/?m=20071122 HTTP/1.0" 200 21574 "-" "Mozilla/5.0 (compatible; Yahoo! Slurp/3.0; http://help.yahoo.com/help/us/ysearch/slurp)" "www.transmyth.com"
67.195.112.151 - - [30/Jul/2010:04:08:59 -0700] "GET /blog/wp-content/themes/lightword/style.css?1276805253 HTTP/1.0" 304 - "http://www.transmyth.com/blog/?m=20071122" "Mozilla/5.0 (compatible; Yahoo! Slurp/3.0; http://help.yahoo.com/help/us/ysearch/slurp)" "www.transmyth.com"
67.195.112.151 - - [30/Jul/2010:04:09:02 -0700] "GET /blog/wp-content/themes/lightword/original.css HTTP/1.0" 200 693 "http://www.transmyth.com/blog/?m=20071122" "Mozilla/5.0 (compatible; Yahoo! Slurp/3.0; http://help.yahoo.com/help/us/ysearch/slurp)" "www.transmyth.com"
67.195.112.151 - - [30/Jul/2010:04:09:06 -0700] "GET /blog/index.php?ak_action=aktt_css HTTP/1.0" 200 394 "http://www.transmyth.com/blog/?m=20071122" "Mozilla/5.0 (compatible; Yahoo! Slurp/3.0; http://help.yahoo.com/help/us/ysearch/slurp)" "www.transmyth.com"
76.101.96.110 - - [30/Jul/2010:04:09:23 -0700] "GET /blog/?p=78 HTTP/1.1" 200 29198 "-" "curl/7.19.6 (i386-pc-win32) libcurl/7.19.6 OpenSSL/0.9.8k zlib/1.2.3" "www.transmyth.com"
193.47.80.50 - - [30/Jul/2010:04:12:17 -0700] "GET /afritechnology/viewtopic.php?f=4&t=4398 HTTP/1.1" 404 - "-" "Mozilla/5.0 (compatible; Exabot/3.0; +http://www.exabot.com/go/robot)" "transmyth.com"
124.115.6.11 - - [30/Jul/2010:04:13:33 -0700] "GET /robots.txt HTTP/1.1" 404 - "-" "Sosospider+(+http://help.soso.com/webspider.htm)" "transmyth.com"
67.195.112.151 - - [30/Jul/2010:04:14:32 -0700] "GET /logs/?S=A HTTP/1.0" 200 1351 "-" "Mozilla/5.0 (compatible; Yahoo! Slurp/3.0; http://help.yahoo.com/help/us/ysearch/slurp)" "www.transmyth.com"
72.14.199.200 - - [30/Jul/2010:04:15:48 -0700] "GET /howdymba/?feed=rss2 HTTP/1.1" 302 5 "-" "Feedfetcher-Google; (+http://www.google.com/feedfetcher.html; 4 subscribers; feed-id=17591258290571388912)" "transmyth.com"
72.14.199.154 - - [30/Jul/2010:04:16:02 -0700] "GET /howdymba/?feed=rss2 HTTP/1.1" 304 0 "-" "Feedfetcher-Google; (+http://www.google.com/feedfetcher.html; 4 subscribers; feed-id=17591258290571388912)" "www.transmyth.com"
64.4.12.200 - - [30/Jul/2010:04:20:05 -0700] "GET /blog/?feed=rss2 HTTP/1.1" 200 79622 "-" "WLA Syndication Platform (Feed Crawler/1.0)" "www.transmyth.com"
72.14.199.200 - - [30/Jul/2010:04:23:37 -0700] "GET /blog/feed/ HTTP/1.1" 404 - "-" "Feedfetcher-Google; (+http://www.google.com/feedfetcher.html; 4 subscribers; feed-id=4947928636039393859)" "transmyth.com"
206.196.125.114 - - [30/Jul/2010:04:26:21 -0700] "GET /techlation/?feed=rss2 HTTP/1.1" 200 6891 "-" "BlogSearch/2 +http://www.icerocket.com/" "transmyth.com"
67.28.112.175 - - [30/Jul/2010:04:26:22 -0700] "POST /techlation/wp-cron.php?doing_wp_cron HTTP/1.0" 200 0 "-" "WordPress/2.8.4; http://transmyth.com/techlation" "transmyth.com"
66.219.58.42 - - [30/Jul/2010:04:26:47 -0700] "GET /robots.txt HTTP/1.1" 404 - "-" "MLBot (www.metadatalabs.com/mlbot)" "transmyth.com"
66.219.58.42 - - [30/Jul/2010:04:26:47 -0700] "GET / HTTP/1.1" 200 674 "-" "MLBot (www.metadatalabs.com/mlbot)" "transmyth.com"
64.13.232.37 - - [30/Jul/2010:04:27:36 -0700] "GET /howdymba/?feed=rss2 HTTP/1.0" 302 0 "-" "-" "transmyth.com"
64.13.232.37 - - [30/Jul/2010:04:27:37 -0700] "GET /howdymba/?feed=rss2 HTTP/1.0" 200 40470 "-" "-" "www.transmyth.com"
67.28.112.177 - - [30/Jul/2010:04:33:15 -0700] "POST /blog/wp-cron.php?doing_wp_cron HTTP/1.0" 200 0 "-" "WordPress/3.0; http://www.transmyth.com/blog" "www.transmyth.com"
77.88.25.27 - - [30/Jul/2010:04:33:15 -0700] "GET /blog/?p=26 HTTP/1.1" 200 25218 "-" "Mozilla/5.0 (compatible; YandexBot/3.0; +http://yandex.com/bots)" "www.transmyth.com"
64.4.12.200 - - [30/Jul/2010:04:35:06 -0700] "GET /blog/?feed=rss2 HTTP/1.1" 304 0 "-" "WLA Syndication Platform (Feed Crawler/1.0)" "www.transmyth.com"
66.249.65.200 - - [30/Jul/2010:04:37:25 -0700] "GET /afritechnology/viewtopic.php?f=4&t=351 HTTP/1.1" 404 - "-" "Mozilla/5.0 (compatible; Googlebot/2.1; +http://www.google.com/bot.html)" "transmyth.com"
66.249.65.209 - - [30/Jul/2010:04:38:24 -0700] "GET /afritechnology/viewtopic.php?f=4&t=11344 HTTP/1.1" 404 - "-" "Mozilla/5.0 (compatible; Googlebot/2.1; +http://www.google.com/bot.html)" "www.transmyth.com"
72.14.199.200 - - [30/Jul/2010:04:38:57 -0700] "GET /howdymba/?feed=rss2 HTTP/1.1" 302 5 "-" "Feedfetcher-Google; (+http://www.google.com/feedfetcher.html; 4 subscribers; feed-id=17591258290571388912)" "transmyth.com"
72.14.199.154 - - [30/Jul/2010:04:38:58 -0700] "GET /howdymba/?feed=rss2 HTTP/1.1" 304 0 "-" "Feedfetcher-Google; (+http://www.google.com/feedfetcher.html; 4 subscribers; feed-id=17591258290571388912)" "www.transmyth.com"
195.46.37.59 - - [30/Jul/2010:04:46:02 -0700] "GET / HTTP/1.1" 200 674 "-" "Mozilla/4.0 (compatible; MSIE 5.0; Windows NT; DigExt; DTS Agent" "www.transmyth.com"
67.195.113.215 - - [30/Jul/2010:04:47:20 -0700] "GET /phpbb/?M=D HTTP/1.0" 200 642 "-" "Mozilla/5.0 (compatible; Yahoo! Slurp/3.0; http://help.yahoo.com/help/us/ysearch/slurp)" "transmyth.com"
72.14.199.154 - - [30/Jul/2010:04:49:09 -0700] "GET /blog/?feed=rss2 HTTP/1.1" 304 0 "-" "Feedfetcher-Google; (+http://www.google.com/feedfetcher.html; 10 subscribers; feed-id=18296241740392809178)" "www.transmyth.com"
64.4.12.200 - - [30/Jul/2010:04:50:08 -0700] "GET /blog/?feed=rss2 HTTP/1.1" 304 0 "-" "WLA Syndication Platform (Feed Crawler/1.0)" "www.transmyth.com"
67.28.112.169 - - [30/Jul/2010:04:50:09 -0700] "POST /blog/wp-cron.php?doing_wp_cron HTTP/1.0" 200 0 "-" "WordPress/3.0; http://www.transmyth.com/blog" "www.transmyth.com"
193.105.210.162 - - [30/Jul/2010:04:51:52 -0700] "GET /afritechnology/index.php HTTP/1.0" 404 - "http://www.robotchile.com/" "Mozilla/4.0 (compatible; MSIE 6.0; Windows NT 5.0; .NET CLR 1.0.3705; .NET CLR 1.1.4322)" "transmyth.com"
193.105.210.162 - - [30/Jul/2010:04:51:53 -0700] "GET / HTTP/1.0" 200 674 "http://transmyth.com/" "Mozilla/4.0 (compatible; MSIE 6.0; Windows NT 5.0; .NET CLR 1.0.3705; .NET CLR 1.1.4322)" "transmyth.com"
77.88.25.27 - - [30/Jul/2010:04:56:50 -0700] "GET /tmp/sess_8a3237d9c5b72073afefbc74027cb7ae HTTP/1.1" 403 - "-" "Mozilla/5.0 (compatible; YandexBot/3.0; +http://yandex.com/bots)" "www.transmyth.com"
72.14.199.200 - - [30/Jul/2010:04:59:34 -0700] "GET /CNP/?feed=rss2 HTTP/1.1" 200 520 "-" "Feedfetcher-Google; (+http://www.google.com/feedfetcher.html; 1 subscribers; feed-id=9947429628907536603)" "transmyth.com"
72.14.199.200 - - [30/Jul/2010:05:01:29 -0700] "GET /blog/feed/atom/ HTTP/1.1" 404 - "-" "Feedfetcher-Google; (+http://www.google.com/feedfetcher.html; 4 subscribers; feed-id=13423008202216737158)" "transmyth.com"
67.195.112.151 - - [30/Jul/2010:05:02:23 -0700] "GET /blog/?cat=9 HTTP/1.0" 200 30734 "-" "Mozilla/5.0 (compatible; Yahoo! Slurp/3.0; http://help.yahoo.com/help/us/ysearch/slurp)" "www.transmyth.com"
67.195.112.151 - - [30/Jul/2010:05:03:50 -0700] "GET /blog/?p=74 HTTP/1.0" 200 26225 "-" "Mozilla/5.0 (compatible; Yahoo! Slurp/3.0; http://help.yahoo.com/help/us/ysearch/slurp)" "www.transmyth.com"
64.4.12.200 - - [30/Jul/2010:05:05:06 -0700] "GET /blog/?feed=rss2 HTTP/1.1" 304 0 "-" "WLA Syndication Platform (Feed Crawler/1.0)" "www.transmyth.com"
91.212.226.210 - - [30/Jul/2010:05:05:57 -0700] "GET /afritechnology/index.php HTTP/1.0" 404 - "http://transmyth.com/afritechnology/index.php" "Mozilla/4.0 (compatible; MSIE 6.0; Windows NT 5.1; SV1; FunWebProducts; .NET CLR 1.1.4322; PeoplePal 6.2)" "transmyth.com"
91.212.226.210 - - [30/Jul/2010:05:05:57 -0700] "GET / HTTP/1.0" 200 674 "http://transmyth.com/" "Mozilla/4.0 (compatible; MSIE 6.0; Windows NT 5.1; SV1; FunWebProducts; .NET CLR 1.1.4322; PeoplePal 6.2)" "transmyth.com"
207.46.13.52 - - [30/Jul/2010:05:11:41 -0700] "GET /robots.txt HTTP/1.1" 404 - "-" "msnbot/2.0b (+http://search.msn.com/msnbot.htm)" "www.transmyth.com"
217.23.11.97 - - [30/Jul/2010:05:13:23 -0700] "GET /afritechnology/memberlist.php?mode=viewprofile&u=2030 HTTP/1.0" 404 - "http://transmyth.com/afritechnology/memberlist.php?mode=viewprofile&u=2030" "Mozilla/4.0 (compatible; MSIE 5.5; Windows 95)" "transmyth.com"
217.23.11.97 - - [30/Jul/2010:05:13:24 -0700] "GET / HTTP/1.0" 200 674 "http://transmyth.com/" "Mozilla/4.0 (compatible; MSIE 5.5; Windows 95)" "transmyth.com"
67.195.112.151 - - [30/Jul/2010:05:15:17 -0700] "GET /blog/?p=36 HTTP/1.0" 200 29160 "-" "Mozilla/5.0 (compatible; Yahoo! Slurp/3.0; http://help.yahoo.com/help/us/ysearch/slurp)" "www.transmyth.com"
72.14.199.200 - - [30/Jul/2010:05:18:11 -0700] "GET /howdymba/?feed=rss2 HTTP/1.1" 302 5 "-" "Feedfetcher-Google; (+http://www.google.com/feedfetcher.html; 4 subscribers; feed-id=17591258290571388912)" "transmyth.com"
72.14.199.154 - - [30/Jul/2010:05:18:12 -0700] "GET /howdymba/?feed=rss2 HTTP/1.1" 304 0 "-" "Feedfetcher-Google; (+http://www.google.com/feedfetcher.html; 4 subscribers; feed-id=17591258290571388912)" "www.transmyth.com"
64.4.12.200 - - [30/Jul/2010:05:20:07 -0700] "GET /blog/?feed=rss2 HTTP/1.1" 304 0 "-" "WLA Syndication Platform (Feed Crawler/1.0)" "www.transmyth.com"
67.28.112.177 - - [30/Jul/2010:05:20:07 -0700] "POST /blog/wp-cron.php?doing_wp_cron HTTP/1.0" 200 0 "-" "WordPress/3.0; http://www.transmyth.com/blog" "www.transmyth.com"
124.115.0.140 - - [30/Jul/2010:05:22:09 -0700] "GET / HTTP/1.1" 200 674 "-" "Sosospider+(+http://help.soso.com/webspider.htm)" "transmyth.com"
72.14.199.200 - - [30/Jul/2010:05:23:47 -0700] "GET /blog/feed/ HTTP/1.1" 404 - "-" "Feedfetcher-Google; (+http://www.google.com/feedfetcher.html; 4 subscribers; feed-id=4947928636039393859)" "transmyth.com"
77.88.25.27 - - [30/Jul/2010:05:25:57 -0700] "GET /blog/?p=30 HTTP/1.1" 200 24720 "-" "Mozilla/5.0 (compatible; YandexBot/3.0; +http://yandex.com/bots)" "www.transmyth.com"
66.235.124.2 - - [30/Jul/2010:05:27:50 -0700] "GET /robots.txt HTTP/1.1" 404 - "-" "Mozilla/5.0 (compatible; Ask Jeeves/Teoma; +http://about.ask.com/en/docs/about/webmasters.shtml)" "www.transmyth.com"
66.235.124.2 - - [30/Jul/2010:05:27:52 -0700] "GET /blog/?tag=attitude HTTP/1.1" 200 20405 "-" "Mozilla/5.0 (compatible; Ask Jeeves/Teoma; +http://about.ask.com/en/docs/about/webmasters.shtml)" "www.transmyth.com"
72.14.199.200 - - [30/Jul/2010:05:29:17 -0700] "GET /howdymba/?feed=rss2 HTTP/1.1" 302 5 "-" "Feedfetcher-Google; (+http://www.google.com/feedfetcher.html; 4 subscribers; feed-id=17591258290571388912)" "transmyth.com"
72.14.199.154 - - [30/Jul/2010:05:29:20 -0700] "GET /howdymba/?feed=rss2 HTTP/1.1" 304 0 "-" "Feedfetcher-Google; (+http://www.google.com/feedfetcher.html; 4 subscribers; feed-id=17591258290571388912)" "www.transmyth.com"
67.195.112.151 - - [30/Jul/2010:05:29:44 -0700] "GET /logs/access_100429.log HTTP/1.0" 404 - "-" "Mozilla/5.0 (compatible; Yahoo! Slurp/3.0; http://help.yahoo.com/help/us/ysearch/slurp)" "www.transmyth.com"
98.158.20.236 - - [30/Jul/2010:05:29:49 -0700] "GET /blog/ HTTP/1.1" 200 104001 "-" "Mozilla/5.0 (X11; U; Linux i686; en-US; rv:1.8.0.4) Gecko/20060508" "www.transmyth.com"
67.28.112.169 - - [30/Jul/2010:05:29:50 -0700] "POST /blog/wp-cron.php?doing_wp_cron HTTP/1.0" 200 0 "-" "WordPress/3.0; http://www.transmyth.com/blog" "www.transmyth.com"
98.158.20.236 - - [30/Jul/2010:05:29:50 -0700] "GET /blog/?feed=rss2 HTTP/1.1" 304 0 "-" "Mozilla/5.0 (X11; U; Linux i686; en-US; rv:1.8.0.4) Gecko/20060508" "www.transmyth.com"
67.195.113.215 - - [30/Jul/2010:05:30:48 -0700] "GET /afritechnology/viewtopic.php?f=4&t=311 HTTP/1.0" 404 - "-" "Mozilla/5.0 (compatible; Yahoo! Slurp/3.0; http://help.yahoo.com/help/us/ysearch/slurp)" "transmyth.com"
91.78.5.166 - - [30/Jul/2010:05:31:04 -0700] "GET /afritechnology/index.php HTTP/1.0" 404 - "http://transmyth.com/afritechnology/index.php" "Mozilla/2.0 (compatible; MSIE 3.02; Windows CE; 240x320)" "transmyth.com"
91.78.5.166 - - [30/Jul/2010:05:31:05 -0700] "GET / HTTP/1.0" 200 674 "http://transmyth.com/" "Mozilla/2.0 (compatible; MSIE 3.02; Windows CE; 240x320)" "transmyth.com"
207.46.13.52 - - [30/Jul/2010:05:31:19 -0700] "GET /nunoire/?p=28 HTTP/1.1" 200 16292 "-" "msnbot/2.0b (+http://search.msn.com/msnbot.htm)" "www.transmyth.com"
67.195.112.151 - - [30/Jul/2010:05:34:28 -0700] "GET /blog/?feed=rss2&cat=3 HTTP/1.0" 200 36029 "-" "Mozilla/5.0 (compatible; Yahoo! Slurp/3.0; http://help.yahoo.com/help/us/ysearch/slurp)" "www.transmyth.com"
64.4.12.200 - - [30/Jul/2010:05:35:06 -0700] "GET /blog/?feed=rss2 HTTP/1.1" 304 0 "-" "WLA Syndication Platform (Feed Crawler/1.0)" "www.transmyth.com"
67.195.112.151 - - [30/Jul/2010:05:43:25 -0700] "GET /logs/access_100223.log HTTP/1.0" 404 - "-" "Mozilla/5.0 (compatible; Yahoo! Slurp/3.0; http://help.yahoo.com/help/us/ysearch/slurp)" "www.transmyth.com"
98.200.201.150 - - [30/Jul/2010:05:47:12 -0700] "GET /blog/wp-content/themes/lightword/style.css?1276805253 HTTP/1.1" 200 14633 "http://www.transmyth.com/blog/" "Mozilla/5.0 (Windows; U; Windows NT 6.1; en-US) AppleWebKit/533.4 (KHTML, like Gecko) Chrome/5.0.375.125 Safari/533.4" "www.transmyth.com"
98.200.201.150 - - [30/Jul/2010:05:47:12 -0700] "GET /blog/wp-content/themes/lightword/original.css HTTP/1.1" 200 693 "http://www.transmyth.com/blog/" "Mozilla/5.0 (Windows; U; Windows NT 6.1; en-US) AppleWebKit/533.4 (KHTML, like Gecko) Chrome/5.0.375.125 Safari/533.4" "www.transmyth.com"
98.200.201.150 - - [30/Jul/2010:05:47:12 -0700] "GET /blog/wp-includes/js/jquery/jquery.js?ver=1.4.2 HTTP/1.1" 200 72194 "http://www.transmyth.com/blog/" "Mozilla/5.0 (Windows; U; Windows NT 6.1; en-US) AppleWebKit/533.4 (KHTML, like Gecko) Chrome/5.0.375.125 Safari/533.4" "www.transmyth.com"
98.200.201.150 - - [30/Jul/2010:05:47:12 -0700] "GET /blog/wp-content/themes/lightword/js/mp.font.js HTTP/1.1" 200 29812 "http://www.transmyth.com/blog/" "Mozilla/5.0 (Windows; U; Windows NT 6.1; en-US) AppleWebKit/533.4 (KHTML, like Gecko) Chrome/5.0.375.125 Safari/533.4" "www.transmyth.com"
98.200.201.150 - - [30/Jul/2010:05:47:12 -0700] "GET /blog/wp-content/themes/lightword/js/cufon.js HTTP/1.1" 200 18691 "http://www.transmyth.com/blog/" "Mozilla/5.0 (Windows; U; Windows NT 6.1; en-US) AppleWebKit/533.4 (KHTML, like Gecko) Chrome/5.0.375.125 Safari/533.4" "www.transmyth.com"
98.200.201.150 - - [30/Jul/2010:05:47:13 -0700] "GET /blog/index.php?ak_action=aktt_js HTTP/1.1" 200 5 "http://www.transmyth.com/blog/" "Mozilla/5.0 (Windows; U; Windows NT 6.1; en-US) AppleWebKit/533.4 (KHTML, like Gecko) Chrome/5.0.375.125 Safari/533.4" "www.transmyth.com"
98.200.201.150 - - [30/Jul/2010:05:47:13 -0700] "GET /blog/index.php?ak_action=aktt_css HTTP/1.1" 200 410 "http://www.transmyth.com/blog/" "Mozilla/5.0 (Windows; U; Windows NT 6.1; en-US) AppleWebKit/533.4 (KHTML, like Gecko) Chrome/5.0.375.125 Safari/533.4" "www.transmyth.com"
98.200.201.150 - - [30/Jul/2010:05:47:13 -0700] "GET /blog/ HTTP/1.1" 200 104001 "http://www.anjuansimmons.com/" "Mozilla/5.0 (Windows; U; Windows NT 6.1; en-US) AppleWebKit/533.4 (KHTML, like Gecko) Chrome/5.0.375.125 Safari/533.4" "www.transmyth.com"
98.200.201.150 - - [30/Jul/2010:05:47:14 -0700] "GET /blog/wp-content/themes/lightword/js/menu.js HTTP/1.1" 200 517 "http://www.transmyth.com/blog/" "Mozilla/5.0 (Windows; U; Windows NT 6.1; en-US) AppleWebKit/533.4 (KHTML, like Gecko) Chrome/5.0.375.125 Safari/533.4" "www.transmyth.com"
98.200.201.150 - - [30/Jul/2010:05:47:17 -0700] "GET /blog/wp-content/uploads/2010/04/image_thumb.png HTTP/1.1" 200 57608 "http://www.transmyth.com/blog/" "Mozilla/5.0 (Windows; U; Windows NT 6.1; en-US) AppleWebKit/533.4 (KHTML, like Gecko) Chrome/5.0.375.125 Safari/533.4" "www.transmyth.com"
98.200.201.150 - - [30/Jul/2010:05:47:17 -0700] "GET /blog/wp-content/uploads/2010/04/image_thumb2.png HTTP/1.1" 200 426605 "http://www.transmyth.com/blog/" "Mozilla/5.0 (Windows; U; Windows NT 6.1; en-US) AppleWebKit/533.4 (KHTML, like Gecko) Chrome/5.0.375.125 Safari/533.4" "www.transmyth.com"
98.200.201.150 - - [30/Jul/2010:05:47:20 -0700] "GET /blog/wp-content/themes/lightword/images/older_newer.png HTTP/1.1" 200 327 "http://www.transmyth.com/blog/" "Mozilla/5.0 (Windows; U; Windows NT 6.1; en-US) AppleWebKit/533.4 (KHTML, like Gecko) Chrome/5.0.375.125 Safari/533.4" "www.transmyth.com"
67.28.112.176 - - [30/Jul/2010:05:50:07 -0700] "POST /blog/wp-cron.php?doing_wp_cron HTTP/1.0" 200 0 "-" "WordPress/3.0; http://www.transmyth.com/blog" "www.transmyth.com"
64.4.12.200 - - [30/Jul/2010:05:50:07 -0700] "GET /blog/?feed=rss2 HTTP/1.1" 304 0 "-" "WLA Syndication Platform (Feed Crawler/1.0)" "www.transmyth.com"
77.88.25.27 - - [30/Jul/2010:05:52:12 -0700] "GET /tmp/sess_c4cf1dc6944719b852c28d27bc782bfe HTTP/1.1" 403 - "-" "Mozilla/5.0 (compatible; YandexBot/3.0; +http://yandex.com/bots)" "www.transmyth.com"
195.191.40.104 - - [30/Jul/2010:05:52:26 -0700] "GET /afritechnology/index.php HTTP/1.0" 404 - "http://transmyth.com/afritechnology/index.php" "Mozilla/4.0 (compatible; MSIE 6.0; Windows NT 5.1; Crazy Browser 1.0.5)" "transmyth.com"
195.191.40.104 - - [30/Jul/2010:05:52:26 -0700] "GET / HTTP/1.0" 200 674 "http://transmyth.com/" "Mozilla/4.0 (compatible; MSIE 6.0; Windows NT 5.1; Crazy Browser 1.0.5)" "transmyth.com"
207.46.204.194 - - [30/Jul/2010:05:55:04 -0700] "GET /blog/ HTTP/1.1" 200 103878 "-" "msnbot/2.0b (+http://search.msn.com/msnbot.htm)" "www.transmyth.com"
193.47.80.50 - - [30/Jul/2010:05:57:17 -0700] "GET /afritechnology/viewtopic.php?f=4&t=4603 HTTP/1.1" 404 - "-" "Mozilla/5.0 (compatible; Exabot/3.0; +http://www.exabot.com/go/robot)" "transmyth.com"
38.111.147.86 - - [30/Jul/2010:05:59:16 -0700] "GET /blog/?p=366 HTTP/1.0" 200 29320 "-" "Mozilla/4.0 (compatible; MSIE 5.0; Mac_PowerPC) -" "www.transmyth.com"
67.28.112.176 - - [30/Jul/2010:06:00:16 -0700] "POST /blog/wp-cron.php?doing_wp_cron HTTP/1.0" 200 0 "-" "WordPress/3.0; http://www.transmyth.com/blog" "www.transmyth.com"
